{"id":17009,"date":"2026-04-11T23:02:02","date_gmt":"2026-04-11T21:02:02","guid":{"rendered":"https:\/\/www.galerie.litomysl.cz\/event\/jaroslav-rona-silence-and-myths\/"},"modified":"2026-04-11T23:02:02","modified_gmt":"2026-04-11T21:02:02","slug":"jaroslav-rona-silence-and-myths","status":"publish","type":"tribe_events","link":"https:\/\/www.galerie.litomysl.cz\/en\/event\/jaroslav-rona-silence-and-myths\/","title":{"rendered":"Jaroslav R\u00f3na. Silence and myths"},"content":{"rendered":"<p>This year&#8217;s open-air exhibition of the <a href=\"https:\/\/vytvarnalitomysl.cz\">Smetana Art Festival Litomy\u0161l<\/a> is dedicated to <em><strong>Jaroslav R\u00f3na<\/strong><\/em>, a sculptor who needs little introduction in the Czech context. Just think of the monument to Franz Kafka in Prague or the equestrian statue of Margrave Jost in Brno. The exhibition in Litomy\u0161l entitled <em><strong>Silence and Myths<\/strong><\/em> is the author&#8217;s most comprehensive show in public space to date.  <\/p>\n<p>The grace of Jaroslav R\u00f3na&#8217;s sculptural works lies in the figure, through which he reflects his rich imagination instead of reality, embodied in proxy symbols in the form of humanoid and animal beings. The silent, mythical worlds of J. R\u00f3na come to life in monuments whose shape deformation, reminiscent of totems or idols of natural nations, is so organic that they do not appear as a foreign element in the urban civilization of the 21st century. On the contrary, the stoic calm of the majestic statues accentuates the fact that the city is not only a source of stress, but also a safe zone, capable of providing a backdrop and an opportunity for relaxation.   <\/p>\n<p><strong>The opening of the exhibition will take place in the form of a guided tour on Saturday 13 June at 15:00. <\/strong><br \/>\n<strong>Meeting place:<\/strong> in front of the Piarist Church of the Finding of St. Crosses<\/p>\n","protected":false},"excerpt":{"rendered":"<p>Opening of the open-air exhibition.  <\/p>\n","protected":false},"author":8,"featured_media":0,"comment_status":"closed","ping_status":"closed","template":"","meta":{"inline_featured_image":false,"_tribe_events_status":"","_tribe_events_status_reason":"","footnotes":""},"tags":[],"tribe_events_cat":[101],"acf":[],"yoast_head":"<!-- This site is optimized with the Yoast SEO plugin v21.4 - https:\/\/yoast.com\/wordpress\/plugins\/seo\/ -->\n<title>Jaroslav R\u00f3na. Silence and myths - M\u011bstsk\u00e1 galerie Litomy\u0161l<\/title>\n<meta name=\"description\" content=\"Jaroslav R\u00f3na&#039;s open-air exhibition in Litomy\u0161l presents monumental sculptures inspired by myths and history. Opening on 13 June at 15:00.\" \/>\n<meta name=\"robots\" content=\"index, follow, max-snippet:-1, max-image-preview:large, max-video-preview:-1\" \/>\n<link rel=\"canonical\" href=\"https:\/\/www.galerie.litomysl.cz\/en\/event\/jaroslav-rona-silence-and-myths\/\" \/>\n<meta property=\"og:locale\" content=\"en_US\" \/>\n<meta property=\"og:type\" content=\"article\" \/>\n<meta property=\"og:title\" content=\"Jaroslav R\u00f3na. Silence and myths - M\u011bstsk\u00e1 galerie Litomy\u0161l\" \/>\n<meta property=\"og:description\" content=\"Jaroslav R\u00f3na&#039;s open-air exhibition in Litomy\u0161l presents monumental sculptures inspired by myths and history. Opening on 13 June at 15:00.\" \/>\n<meta property=\"og:url\" content=\"https:\/\/www.galerie.litomysl.cz\/en\/event\/jaroslav-rona-silence-and-myths\/\" \/>\n<meta property=\"og:site_name\" content=\"M\u011bstsk\u00e1 galerie Litomy\u0161l\" \/>\n<meta name=\"twitter:card\" content=\"summary_large_image\" \/>\n<meta name=\"twitter:label1\" content=\"Est. reading time\" \/>\n\t<meta name=\"twitter:data1\" content=\"1 minute\" \/>\n<script type=\"application\/ld+json\" class=\"yoast-schema-graph\">{\"@context\":\"https:\/\/schema.org\",\"@graph\":[{\"@type\":\"WebPage\",\"@id\":\"https:\/\/www.galerie.litomysl.cz\/en\/event\/jaroslav-rona-silence-and-myths\/\",\"url\":\"https:\/\/www.galerie.litomysl.cz\/en\/event\/jaroslav-rona-silence-and-myths\/\",\"name\":\"Jaroslav R\u00f3na. Silence and myths - M\u011bstsk\u00e1 galerie Litomy\u0161l\",\"isPartOf\":{\"@id\":\"https:\/\/www.galerie.litomysl.cz\/#website\"},\"datePublished\":\"2026-04-11T21:02:02+00:00\",\"dateModified\":\"2026-04-11T21:02:02+00:00\",\"description\":\"Jaroslav R\u00f3na's open-air exhibition in Litomy\u0161l presents monumental sculptures inspired by myths and history. Opening on 13 June at 15:00.\",\"breadcrumb\":{\"@id\":\"https:\/\/www.galerie.litomysl.cz\/en\/event\/jaroslav-rona-silence-and-myths\/#breadcrumb\"},\"inLanguage\":\"en-US\",\"potentialAction\":[{\"@type\":\"ReadAction\",\"target\":[\"https:\/\/www.galerie.litomysl.cz\/en\/event\/jaroslav-rona-silence-and-myths\/\"]}]},{\"@type\":\"BreadcrumbList\",\"@id\":\"https:\/\/www.galerie.litomysl.cz\/en\/event\/jaroslav-rona-silence-and-myths\/#breadcrumb\",\"itemListElement\":[{\"@type\":\"ListItem\",\"position\":1,\"name\":\"Dom\u016f\",\"item\":\"https:\/\/www.galerie.litomysl.cz\/en\/\"},{\"@type\":\"ListItem\",\"position\":2,\"name\":\"Akce\",\"item\":\"https:\/\/www.galerie.litomysl.cz\/events\/\"},{\"@type\":\"ListItem\",\"position\":3,\"name\":\"Jaroslav R\u00f3na. Silence and myths\"}]},{\"@type\":\"WebSite\",\"@id\":\"https:\/\/www.galerie.litomysl.cz\/#website\",\"url\":\"https:\/\/www.galerie.litomysl.cz\/\",\"name\":\"M\u011bstsk\u00e1 galerie Litomy\u0161l\",\"description\":\"\",\"publisher\":{\"@id\":\"https:\/\/www.galerie.litomysl.cz\/#organization\"},\"potentialAction\":[{\"@type\":\"SearchAction\",\"target\":{\"@type\":\"EntryPoint\",\"urlTemplate\":\"https:\/\/www.galerie.litomysl.cz\/?s={search_term_string}\"},\"query-input\":\"required name=search_term_string\"}],\"inLanguage\":\"en-US\"},{\"@type\":\"Organization\",\"@id\":\"https:\/\/www.galerie.litomysl.cz\/#organization\",\"name\":\"M\u011bstsk\u00e1 galerie Litomy\u0161l\",\"url\":\"https:\/\/www.galerie.litomysl.cz\/\",\"logo\":{\"@type\":\"ImageObject\",\"inLanguage\":\"en-US\",\"@id\":\"https:\/\/www.galerie.litomysl.cz\/#\/schema\/logo\/image\/\",\"url\":\"https:\/\/www.galerie.litomysl.cz\/wp-content\/uploads\/MGL-logo-c..svg\",\"contentUrl\":\"https:\/\/www.galerie.litomysl.cz\/wp-content\/uploads\/MGL-logo-c..svg\",\"width\":212,\"height\":136,\"caption\":\"M\u011bstsk\u00e1 galerie Litomy\u0161l\"},\"image\":{\"@id\":\"https:\/\/www.galerie.litomysl.cz\/#\/schema\/logo\/image\/\"}}]}<\/script>\n<!-- \/ Yoast SEO plugin. -->","yoast_head_json":{"title":"Jaroslav R\u00f3na. Silence and myths - M\u011bstsk\u00e1 galerie Litomy\u0161l","description":"Jaroslav R\u00f3na's open-air exhibition in Litomy\u0161l presents monumental sculptures inspired by myths and history. Opening on 13 June at 15:00.","robots":{"index":"index","follow":"follow","max-snippet":"max-snippet:-1","max-image-preview":"max-image-preview:large","max-video-preview":"max-video-preview:-1"},"canonical":"https:\/\/www.galerie.litomysl.cz\/en\/event\/jaroslav-rona-silence-and-myths\/","og_locale":"en_US","og_type":"article","og_title":"Jaroslav R\u00f3na. Silence and myths - M\u011bstsk\u00e1 galerie Litomy\u0161l","og_description":"Jaroslav R\u00f3na's open-air exhibition in Litomy\u0161l presents monumental sculptures inspired by myths and history. Opening on 13 June at 15:00.","og_url":"https:\/\/www.galerie.litomysl.cz\/en\/event\/jaroslav-rona-silence-and-myths\/","og_site_name":"M\u011bstsk\u00e1 galerie Litomy\u0161l","twitter_card":"summary_large_image","twitter_misc":{"Est. reading time":"1 minute"},"schema":{"@context":"https:\/\/schema.org","@graph":[{"@type":"WebPage","@id":"https:\/\/www.galerie.litomysl.cz\/en\/event\/jaroslav-rona-silence-and-myths\/","url":"https:\/\/www.galerie.litomysl.cz\/en\/event\/jaroslav-rona-silence-and-myths\/","name":"Jaroslav R\u00f3na. Silence and myths - M\u011bstsk\u00e1 galerie Litomy\u0161l","isPartOf":{"@id":"https:\/\/www.galerie.litomysl.cz\/#website"},"datePublished":"2026-04-11T21:02:02+00:00","dateModified":"2026-04-11T21:02:02+00:00","description":"Jaroslav R\u00f3na's open-air exhibition in Litomy\u0161l presents monumental sculptures inspired by myths and history. Opening on 13 June at 15:00.","breadcrumb":{"@id":"https:\/\/www.galerie.litomysl.cz\/en\/event\/jaroslav-rona-silence-and-myths\/#breadcrumb"},"inLanguage":"en-US","potentialAction":[{"@type":"ReadAction","target":["https:\/\/www.galerie.litomysl.cz\/en\/event\/jaroslav-rona-silence-and-myths\/"]}]},{"@type":"BreadcrumbList","@id":"https:\/\/www.galerie.litomysl.cz\/en\/event\/jaroslav-rona-silence-and-myths\/#breadcrumb","itemListElement":[{"@type":"ListItem","position":1,"name":"Dom\u016f","item":"https:\/\/www.galerie.litomysl.cz\/en\/"},{"@type":"ListItem","position":2,"name":"Akce","item":"https:\/\/www.galerie.litomysl.cz\/events\/"},{"@type":"ListItem","position":3,"name":"Jaroslav R\u00f3na. Silence and myths"}]},{"@type":"WebSite","@id":"https:\/\/www.galerie.litomysl.cz\/#website","url":"https:\/\/www.galerie.litomysl.cz\/","name":"M\u011bstsk\u00e1 galerie Litomy\u0161l","description":"","publisher":{"@id":"https:\/\/www.galerie.litomysl.cz\/#organization"},"potentialAction":[{"@type":"SearchAction","target":{"@type":"EntryPoint","urlTemplate":"https:\/\/www.galerie.litomysl.cz\/?s={search_term_string}"},"query-input":"required name=search_term_string"}],"inLanguage":"en-US"},{"@type":"Organization","@id":"https:\/\/www.galerie.litomysl.cz\/#organization","name":"M\u011bstsk\u00e1 galerie Litomy\u0161l","url":"https:\/\/www.galerie.litomysl.cz\/","logo":{"@type":"ImageObject","inLanguage":"en-US","@id":"https:\/\/www.galerie.litomysl.cz\/#\/schema\/logo\/image\/","url":"https:\/\/www.galerie.litomysl.cz\/wp-content\/uploads\/MGL-logo-c..svg","contentUrl":"https:\/\/www.galerie.litomysl.cz\/wp-content\/uploads\/MGL-logo-c..svg","width":212,"height":136,"caption":"M\u011bstsk\u00e1 galerie Litomy\u0161l"},"image":{"@id":"https:\/\/www.galerie.litomysl.cz\/#\/schema\/logo\/image\/"}}]}},"_links":{"self":[{"href":"https:\/\/www.galerie.litomysl.cz\/en\/wp-json\/wp\/v2\/tribe_events\/17009"}],"collection":[{"href":"https:\/\/www.galerie.litomysl.cz\/en\/wp-json\/wp\/v2\/tribe_events"}],"about":[{"href":"https:\/\/www.galerie.litomysl.cz\/en\/wp-json\/wp\/v2\/types\/tribe_events"}],"author":[{"embeddable":true,"href":"https:\/\/www.galerie.litomysl.cz\/en\/wp-json\/wp\/v2\/users\/8"}],"replies":[{"embeddable":true,"href":"https:\/\/www.galerie.litomysl.cz\/en\/wp-json\/wp\/v2\/comments?post=17009"}],"version-history":[{"count":0,"href":"https:\/\/www.galerie.litomysl.cz\/en\/wp-json\/wp\/v2\/tribe_events\/17009\/revisions"}],"wp:attachment":[{"href":"https:\/\/www.galerie.litomysl.cz\/en\/wp-json\/wp\/v2\/media?parent=17009"}],"wp:term":[{"taxonomy":"post_tag","embeddable":true,"href":"https:\/\/www.galerie.litomysl.cz\/en\/wp-json\/wp\/v2\/tags?post=17009"},{"taxonomy":"tribe_events_cat","embeddable":true,"href":"https:\/\/www.galerie.litomysl.cz\/en\/wp-json\/wp\/v2\/tribe_events_cat?post=17009"}],"curies":[{"name":"wp","href":"https:\/\/api.w.org\/{rel}","templated":true}]}}

Jaroslav Róna. Silence and myths

<p>This year&#8217;s open-air exhibition of the <a href="https://vytvarnalitomysl.cz">Smetana Art Festival Litomyšl</a> is dedicated to <em><strong>Jaroslav Róna</strong></em>, a sculptor who needs little introduction in the Czech context. Just think of the monument to Franz Kafka in Prague or the equestrian statue of Margrave Jost in Brno. The exhibition in Litomyšl entitled <em><strong>Silence and Myths</strong></em> is the author&#8217;s most comprehensive show in public space to date.  </p>
<p>The grace of Jaroslav Róna&#8217;s sculptural works lies in the figure, through which he reflects his rich imagination instead of reality, embodied in proxy symbols in the form of humanoid and animal beings. The silent, mythical worlds of J. Róna come to life in monuments whose shape deformation, reminiscent of totems or idols of natural nations, is so organic that they do not appear as a foreign element in the urban civilization of the 21st century. On the contrary, the stoic calm of the majestic statues accentuates the fact that the city is not only a source of stress, but also a safe zone, capable of providing a backdrop and an opportunity for relaxation.   </p>
<p><strong>The opening of the exhibition will take place in the form of a guided tour on Saturday 13 June at 15:00. </strong><br />
<strong>Meeting place:</strong> in front of the Piarist Church of the Finding of St. Crosses</p>

<!-- This site is optimized with the Yoast SEO plugin v21.4 - https://yoast.com/wordpress/plugins/seo/ -->
<title>Jaroslav Róna. Silence and myths - Městská galerie Litomyšl</title>
<meta name="description" content="Jaroslav Róna&#039;s open-air exhibition in Litomyšl presents monumental sculptures inspired by myths and history. Opening on 13 June at 15:00." />
<meta name="robots" content="index, follow, max-snippet:-1, max-image-preview:large, max-video-preview:-1" />
<link rel="canonical" href="https://www.galerie.litomysl.cz/en/event/jaroslav-rona-silence-and-myths/" />
<meta property="og:locale" content="en_US" />
<meta property="og:type" content="article" />
<meta property="og:title" content="Jaroslav Róna. Silence and myths - Městská galerie Litomyšl" />
<meta property="og:description" content="Jaroslav Róna&#039;s open-air exhibition in Litomyšl presents monumental sculptures inspired by myths and history. Opening on 13 June at 15:00." />
<meta property="og:url" content="https://www.galerie.litomysl.cz/en/event/jaroslav-rona-silence-and-myths/" />
<meta property="og:site_name" content="Městská galerie Litomyšl" />
<meta name="twitter:card" content="summary_large_image" />
<meta name="twitter:label1" content="Est. reading time" />
	<meta name="twitter:data1" content="1 minute" />
<script type="application/ld+json" class="yoast-schema-graph">{"@context":"https://schema.org","@graph":[{"@type":"WebPage","@id":"https://www.galerie.litomysl.cz/en/event/jaroslav-rona-silence-and-myths/","url":"https://www.galerie.litomysl.cz/en/event/jaroslav-rona-silence-and-myths/","name":"Jaroslav Róna. Silence and myths - Městská galerie Litomyšl","isPartOf":{"@id":"https://www.galerie.litomysl.cz/#website"},"datePublished":"2026-04-11T21:02:02+00:00","dateModified":"2026-04-11T21:02:02+00:00","description":"Jaroslav Róna's open-air exhibition in Litomyšl presents monumental sculptures inspired by myths and history. Opening on 13 June at 15:00.","breadcrumb":{"@id":"https://www.galerie.litomysl.cz/en/event/jaroslav-rona-silence-and-myths/#breadcrumb"},"inLanguage":"en-US","potentialAction":[{"@type":"ReadAction","target":["https://www.galerie.litomysl.cz/en/event/jaroslav-rona-silence-and-myths/"]}]},{"@type":"BreadcrumbList","@id":"https://www.galerie.litomysl.cz/en/event/jaroslav-rona-silence-and-myths/#breadcrumb","itemListElement":[{"@type":"ListItem","position":1,"name":"Domů","item":"https://www.galerie.litomysl.cz/en/"},{"@type":"ListItem","position":2,"name":"Akce","item":"https://www.galerie.litomysl.cz/events/"},{"@type":"ListItem","position":3,"name":"Jaroslav Róna. Silence and myths"}]},{"@type":"WebSite","@id":"https://www.galerie.litomysl.cz/#website","url":"https://www.galerie.litomysl.cz/","name":"Městská galerie Litomyšl","description":"","publisher":{"@id":"https://www.galerie.litomysl.cz/#organization"},"potentialAction":[{"@type":"SearchAction","target":{"@type":"EntryPoint","urlTemplate":"https://www.galerie.litomysl.cz/?s={search_term_string}"},"query-input":"required name=search_term_string"}],"inLanguage":"en-US"},{"@type":"Organization","@id":"https://www.galerie.litomysl.cz/#organization","name":"Městská galerie Litomyšl","url":"https://www.galerie.litomysl.cz/","logo":{"@type":"ImageObject","inLanguage":"en-US","@id":"https://www.galerie.litomysl.cz/#/schema/logo/image/","url":"https://www.galerie.litomysl.cz/wp-content/uploads/MGL-logo-c..svg","contentUrl":"https://www.galerie.litomysl.cz/wp-content/uploads/MGL-logo-c..svg","width":212,"height":136,"caption":"Městská galerie Litomyšl"},"image":{"@id":"https://www.galerie.litomysl.cz/#/schema/logo/image/"}}]}</script>
<!-- / Yoast SEO plugin. -->

Jaroslav Róna. Silence and myths - Městská galerie Litomyšl

Jaroslav Róna's open-air exhibition in Litomyšl presents monumental sculptures inspired by myths and history. Opening on 13 June at 15:00.

Městská galerie Litomyšl

Domů
