{"id":13812,"date":"2025-05-02T09:36:59","date_gmt":"2025-05-02T07:36:59","guid":{"rendered":"https:\/\/www.galerie.litomysl.cz\/event\/vernisaz-vystavy-prostory-a-pocity\/"},"modified":"2025-05-02T09:50:28","modified_gmt":"2025-05-02T07:50:28","slug":"vernisaz-vystavy-prostory-a-pocity","status":"publish","type":"tribe_events","link":"https:\/\/www.galerie.litomysl.cz\/en\/event\/vernisaz-vystavy-prostory-a-pocity\/","title":{"rendered":"Opening of the exhibition SPACES AND FEELINGS"},"content":{"rendered":"<p>Opening of the open-air exhibition of the Litomy\u0161l Town Gallery. Five curators &#8211; Marie Strakov\u00e1, \u017daneta Richterov\u00e1, Tea Z\u00e1chov\u00e1, Ond\u0159ej Hor\u00e1k and Rostislav Kory\u010d\u00e1nek &#8211; collaborated with selected artists and highlighted the distinctive qualities of selected urban sites in accordance with their unique memory and history through site-specific installations and performances. The interpretation of the festival&#8217;s theme of passion within the individual curatorial concepts is linked by a shared desire to establish a peaceful dialogue with a particular site, rather than to intervene in a conflicting way in its integrity. The project revives a general discourse on the topic of incorporating artworks into the urban exterior, with an emphasis on urban, aesthetic and ethical considerations.   <\/p>\n<p>&nbsp;<\/p>\n<p><strong>Opening date:<\/strong><br \/>\n14 June 2025 at 16.00, <strong>Monastery Gardens<\/strong> (as part of the opening of the Festival Gardens, followed by a guided tour) <\/p>\n","protected":false},"excerpt":{"rendered":"<p>Opening of the open-air exhibition PROBLES AND FEELINGS presenting interventions of contemporary artists in the space of Litomy\u0161l.<\/p>\n","protected":false},"author":8,"featured_media":0,"comment_status":"closed","ping_status":"closed","template":"","meta":{"inline_featured_image":false,"_tribe_events_status":"","_tribe_events_status_reason":"","footnotes":""},"tags":[],"tribe_events_cat":[101],"acf":[],"yoast_head":"<!-- This site is optimized with the Yoast SEO plugin v21.4 - https:\/\/yoast.com\/wordpress\/plugins\/seo\/ -->\n<title>Opening of the exhibition SPACES AND FEELINGS - M\u011bstsk\u00e1 galerie Litomy\u0161l<\/title>\n<meta name=\"description\" content=\"Opening of the open-air exhibition PROBLES AND FEELINGS presenting interventions of contemporary artists in the space of Litomy\u0161l.\" \/>\n<meta name=\"robots\" content=\"index, follow, max-snippet:-1, max-image-preview:large, max-video-preview:-1\" \/>\n<link rel=\"canonical\" href=\"https:\/\/www.galerie.litomysl.cz\/en\/event\/vernisaz-vystavy-prostory-a-pocity\/\" \/>\n<meta property=\"og:locale\" content=\"en_US\" \/>\n<meta property=\"og:type\" content=\"article\" \/>\n<meta property=\"og:title\" content=\"Opening of the exhibition SPACES AND FEELINGS - M\u011bstsk\u00e1 galerie Litomy\u0161l\" \/>\n<meta property=\"og:description\" content=\"Opening of the open-air exhibition PROBLES AND FEELINGS presenting interventions of contemporary artists in the space of Litomy\u0161l.\" \/>\n<meta property=\"og:url\" content=\"https:\/\/www.galerie.litomysl.cz\/en\/event\/vernisaz-vystavy-prostory-a-pocity\/\" \/>\n<meta property=\"og:site_name\" content=\"M\u011bstsk\u00e1 galerie Litomy\u0161l\" \/>\n<meta property=\"article:modified_time\" content=\"2025-05-02T07:50:28+00:00\" \/>\n<meta name=\"twitter:card\" content=\"summary_large_image\" \/>\n<meta name=\"twitter:label1\" content=\"Est. reading time\" \/>\n\t<meta name=\"twitter:data1\" content=\"1 minute\" \/>\n<script type=\"application\/ld+json\" class=\"yoast-schema-graph\">{\"@context\":\"https:\/\/schema.org\",\"@graph\":[{\"@type\":\"WebPage\",\"@id\":\"https:\/\/www.galerie.litomysl.cz\/en\/event\/vernisaz-vystavy-prostory-a-pocity\/\",\"url\":\"https:\/\/www.galerie.litomysl.cz\/en\/event\/vernisaz-vystavy-prostory-a-pocity\/\",\"name\":\"Opening of the exhibition SPACES AND FEELINGS - M\u011bstsk\u00e1 galerie Litomy\u0161l\",\"isPartOf\":{\"@id\":\"https:\/\/www.galerie.litomysl.cz\/#website\"},\"datePublished\":\"2025-05-02T07:36:59+00:00\",\"dateModified\":\"2025-05-02T07:50:28+00:00\",\"description\":\"Opening of the open-air exhibition PROBLES AND FEELINGS presenting interventions of contemporary artists in the space of Litomy\u0161l.\",\"breadcrumb\":{\"@id\":\"https:\/\/www.galerie.litomysl.cz\/en\/event\/vernisaz-vystavy-prostory-a-pocity\/#breadcrumb\"},\"inLanguage\":\"en-US\",\"potentialAction\":[{\"@type\":\"ReadAction\",\"target\":[\"https:\/\/www.galerie.litomysl.cz\/en\/event\/vernisaz-vystavy-prostory-a-pocity\/\"]}]},{\"@type\":\"BreadcrumbList\",\"@id\":\"https:\/\/www.galerie.litomysl.cz\/en\/event\/vernisaz-vystavy-prostory-a-pocity\/#breadcrumb\",\"itemListElement\":[{\"@type\":\"ListItem\",\"position\":1,\"name\":\"Dom\u016f\",\"item\":\"https:\/\/www.galerie.litomysl.cz\/en\/\"},{\"@type\":\"ListItem\",\"position\":2,\"name\":\"Akce\",\"item\":\"https:\/\/www.galerie.litomysl.cz\/events\/\"},{\"@type\":\"ListItem\",\"position\":3,\"name\":\"Opening of the exhibition SPACES AND FEELINGS\"}]},{\"@type\":\"WebSite\",\"@id\":\"https:\/\/www.galerie.litomysl.cz\/#website\",\"url\":\"https:\/\/www.galerie.litomysl.cz\/\",\"name\":\"M\u011bstsk\u00e1 galerie Litomy\u0161l\",\"description\":\"\",\"publisher\":{\"@id\":\"https:\/\/www.galerie.litomysl.cz\/#organization\"},\"potentialAction\":[{\"@type\":\"SearchAction\",\"target\":{\"@type\":\"EntryPoint\",\"urlTemplate\":\"https:\/\/www.galerie.litomysl.cz\/?s={search_term_string}\"},\"query-input\":\"required name=search_term_string\"}],\"inLanguage\":\"en-US\"},{\"@type\":\"Organization\",\"@id\":\"https:\/\/www.galerie.litomysl.cz\/#organization\",\"name\":\"M\u011bstsk\u00e1 galerie Litomy\u0161l\",\"url\":\"https:\/\/www.galerie.litomysl.cz\/\",\"logo\":{\"@type\":\"ImageObject\",\"inLanguage\":\"en-US\",\"@id\":\"https:\/\/www.galerie.litomysl.cz\/#\/schema\/logo\/image\/\",\"url\":\"https:\/\/www.galerie.litomysl.cz\/wp-content\/uploads\/MGL-logo-c..svg\",\"contentUrl\":\"https:\/\/www.galerie.litomysl.cz\/wp-content\/uploads\/MGL-logo-c..svg\",\"width\":212,\"height\":136,\"caption\":\"M\u011bstsk\u00e1 galerie Litomy\u0161l\"},\"image\":{\"@id\":\"https:\/\/www.galerie.litomysl.cz\/#\/schema\/logo\/image\/\"}}]}<\/script>\n<!-- \/ Yoast SEO plugin. -->","yoast_head_json":{"title":"Opening of the exhibition SPACES AND FEELINGS - M\u011bstsk\u00e1 galerie Litomy\u0161l","description":"Opening of the open-air exhibition PROBLES AND FEELINGS presenting interventions of contemporary artists in the space of Litomy\u0161l.","robots":{"index":"index","follow":"follow","max-snippet":"max-snippet:-1","max-image-preview":"max-image-preview:large","max-video-preview":"max-video-preview:-1"},"canonical":"https:\/\/www.galerie.litomysl.cz\/en\/event\/vernisaz-vystavy-prostory-a-pocity\/","og_locale":"en_US","og_type":"article","og_title":"Opening of the exhibition SPACES AND FEELINGS - M\u011bstsk\u00e1 galerie Litomy\u0161l","og_description":"Opening of the open-air exhibition PROBLES AND FEELINGS presenting interventions of contemporary artists in the space of Litomy\u0161l.","og_url":"https:\/\/www.galerie.litomysl.cz\/en\/event\/vernisaz-vystavy-prostory-a-pocity\/","og_site_name":"M\u011bstsk\u00e1 galerie Litomy\u0161l","article_modified_time":"2025-05-02T07:50:28+00:00","twitter_card":"summary_large_image","twitter_misc":{"Est. reading time":"1 minute"},"schema":{"@context":"https:\/\/schema.org","@graph":[{"@type":"WebPage","@id":"https:\/\/www.galerie.litomysl.cz\/en\/event\/vernisaz-vystavy-prostory-a-pocity\/","url":"https:\/\/www.galerie.litomysl.cz\/en\/event\/vernisaz-vystavy-prostory-a-pocity\/","name":"Opening of the exhibition SPACES AND FEELINGS - M\u011bstsk\u00e1 galerie Litomy\u0161l","isPartOf":{"@id":"https:\/\/www.galerie.litomysl.cz\/#website"},"datePublished":"2025-05-02T07:36:59+00:00","dateModified":"2025-05-02T07:50:28+00:00","description":"Opening of the open-air exhibition PROBLES AND FEELINGS presenting interventions of contemporary artists in the space of Litomy\u0161l.","breadcrumb":{"@id":"https:\/\/www.galerie.litomysl.cz\/en\/event\/vernisaz-vystavy-prostory-a-pocity\/#breadcrumb"},"inLanguage":"en-US","potentialAction":[{"@type":"ReadAction","target":["https:\/\/www.galerie.litomysl.cz\/en\/event\/vernisaz-vystavy-prostory-a-pocity\/"]}]},{"@type":"BreadcrumbList","@id":"https:\/\/www.galerie.litomysl.cz\/en\/event\/vernisaz-vystavy-prostory-a-pocity\/#breadcrumb","itemListElement":[{"@type":"ListItem","position":1,"name":"Dom\u016f","item":"https:\/\/www.galerie.litomysl.cz\/en\/"},{"@type":"ListItem","position":2,"name":"Akce","item":"https:\/\/www.galerie.litomysl.cz\/events\/"},{"@type":"ListItem","position":3,"name":"Opening of the exhibition SPACES AND FEELINGS"}]},{"@type":"WebSite","@id":"https:\/\/www.galerie.litomysl.cz\/#website","url":"https:\/\/www.galerie.litomysl.cz\/","name":"M\u011bstsk\u00e1 galerie Litomy\u0161l","description":"","publisher":{"@id":"https:\/\/www.galerie.litomysl.cz\/#organization"},"potentialAction":[{"@type":"SearchAction","target":{"@type":"EntryPoint","urlTemplate":"https:\/\/www.galerie.litomysl.cz\/?s={search_term_string}"},"query-input":"required name=search_term_string"}],"inLanguage":"en-US"},{"@type":"Organization","@id":"https:\/\/www.galerie.litomysl.cz\/#organization","name":"M\u011bstsk\u00e1 galerie Litomy\u0161l","url":"https:\/\/www.galerie.litomysl.cz\/","logo":{"@type":"ImageObject","inLanguage":"en-US","@id":"https:\/\/www.galerie.litomysl.cz\/#\/schema\/logo\/image\/","url":"https:\/\/www.galerie.litomysl.cz\/wp-content\/uploads\/MGL-logo-c..svg","contentUrl":"https:\/\/www.galerie.litomysl.cz\/wp-content\/uploads\/MGL-logo-c..svg","width":212,"height":136,"caption":"M\u011bstsk\u00e1 galerie Litomy\u0161l"},"image":{"@id":"https:\/\/www.galerie.litomysl.cz\/#\/schema\/logo\/image\/"}}]}},"_links":{"self":[{"href":"https:\/\/www.galerie.litomysl.cz\/en\/wp-json\/wp\/v2\/tribe_events\/13812"}],"collection":[{"href":"https:\/\/www.galerie.litomysl.cz\/en\/wp-json\/wp\/v2\/tribe_events"}],"about":[{"href":"https:\/\/www.galerie.litomysl.cz\/en\/wp-json\/wp\/v2\/types\/tribe_events"}],"author":[{"embeddable":true,"href":"https:\/\/www.galerie.litomysl.cz\/en\/wp-json\/wp\/v2\/users\/8"}],"replies":[{"embeddable":true,"href":"https:\/\/www.galerie.litomysl.cz\/en\/wp-json\/wp\/v2\/comments?post=13812"}],"version-history":[{"count":1,"href":"https:\/\/www.galerie.litomysl.cz\/en\/wp-json\/wp\/v2\/tribe_events\/13812\/revisions"}],"predecessor-version":[{"id":13814,"href":"https:\/\/www.galerie.litomysl.cz\/en\/wp-json\/wp\/v2\/tribe_events\/13812\/revisions\/13814"}],"wp:attachment":[{"href":"https:\/\/www.galerie.litomysl.cz\/en\/wp-json\/wp\/v2\/media?parent=13812"}],"wp:term":[{"taxonomy":"post_tag","embeddable":true,"href":"https:\/\/www.galerie.litomysl.cz\/en\/wp-json\/wp\/v2\/tags?post=13812"},{"taxonomy":"tribe_events_cat","embeddable":true,"href":"https:\/\/www.galerie.litomysl.cz\/en\/wp-json\/wp\/v2\/tribe_events_cat?post=13812"}],"curies":[{"name":"wp","href":"https:\/\/api.w.org\/{rel}","templated":true}]}}

<p>Opening of the open-air exhibition of the Litomyšl Town Gallery. Five curators &#8211; Marie Straková, Žaneta Richterová, Tea Záchová, Ondřej Horák and Rostislav Koryčánek &#8211; collaborated with selected artists and highlighted the distinctive qualities of selected urban sites in accordance with their unique memory and history through site-specific installations and performances. The interpretation of the festival&#8217;s theme of passion within the individual curatorial concepts is linked by a shared desire to establish a peaceful dialogue with a particular site, rather than to intervene in a conflicting way in its integrity. The project revives a general discourse on the topic of incorporating artworks into the urban exterior, with an emphasis on urban, aesthetic and ethical considerations.   </p>
<p>&nbsp;</p>
<p><strong>Opening date:</strong><br />
14 June 2025 at 16.00, <strong>Monastery Gardens</strong> (as part of the opening of the Festival Gardens, followed by a guided tour) </p>

<p>Opening of the open-air exhibition PROBLES AND FEELINGS presenting interventions of contemporary artists in the space of Litomyšl.</p>

<!-- This site is optimized with the Yoast SEO plugin v21.4 - https://yoast.com/wordpress/plugins/seo/ -->
<title>Opening of the exhibition SPACES AND FEELINGS - Městská galerie Litomyšl</title>
<meta name="description" content="Opening of the open-air exhibition PROBLES AND FEELINGS presenting interventions of contemporary artists in the space of Litomyšl." />
<meta name="robots" content="index, follow, max-snippet:-1, max-image-preview:large, max-video-preview:-1" />
<link rel="canonical" href="https://www.galerie.litomysl.cz/en/event/vernisaz-vystavy-prostory-a-pocity/" />
<meta property="og:locale" content="en_US" />
<meta property="og:type" content="article" />
<meta property="og:title" content="Opening of the exhibition SPACES AND FEELINGS - Městská galerie Litomyšl" />
<meta property="og:description" content="Opening of the open-air exhibition PROBLES AND FEELINGS presenting interventions of contemporary artists in the space of Litomyšl." />
<meta property="og:url" content="https://www.galerie.litomysl.cz/en/event/vernisaz-vystavy-prostory-a-pocity/" />
<meta property="og:site_name" content="Městská galerie Litomyšl" />
<meta property="article:modified_time" content="2025-05-02T07:50:28+00:00" />
<meta name="twitter:card" content="summary_large_image" />
<meta name="twitter:label1" content="Est. reading time" />
	<meta name="twitter:data1" content="1 minute" />
<script type="application/ld+json" class="yoast-schema-graph">{"@context":"https://schema.org","@graph":[{"@type":"WebPage","@id":"https://www.galerie.litomysl.cz/en/event/vernisaz-vystavy-prostory-a-pocity/","url":"https://www.galerie.litomysl.cz/en/event/vernisaz-vystavy-prostory-a-pocity/","name":"Opening of the exhibition SPACES AND FEELINGS - Městská galerie Litomyšl","isPartOf":{"@id":"https://www.galerie.litomysl.cz/#website"},"datePublished":"2025-05-02T07:36:59+00:00","dateModified":"2025-05-02T07:50:28+00:00","description":"Opening of the open-air exhibition PROBLES AND FEELINGS presenting interventions of contemporary artists in the space of Litomyšl.","breadcrumb":{"@id":"https://www.galerie.litomysl.cz/en/event/vernisaz-vystavy-prostory-a-pocity/#breadcrumb"},"inLanguage":"en-US","potentialAction":[{"@type":"ReadAction","target":["https://www.galerie.litomysl.cz/en/event/vernisaz-vystavy-prostory-a-pocity/"]}]},{"@type":"BreadcrumbList","@id":"https://www.galerie.litomysl.cz/en/event/vernisaz-vystavy-prostory-a-pocity/#breadcrumb","itemListElement":[{"@type":"ListItem","position":1,"name":"Domů","item":"https://www.galerie.litomysl.cz/en/"},{"@type":"ListItem","position":2,"name":"Akce","item":"https://www.galerie.litomysl.cz/events/"},{"@type":"ListItem","position":3,"name":"Opening of the exhibition SPACES AND FEELINGS"}]},{"@type":"WebSite","@id":"https://www.galerie.litomysl.cz/#website","url":"https://www.galerie.litomysl.cz/","name":"Městská galerie Litomyšl","description":"","publisher":{"@id":"https://www.galerie.litomysl.cz/#organization"},"potentialAction":[{"@type":"SearchAction","target":{"@type":"EntryPoint","urlTemplate":"https://www.galerie.litomysl.cz/?s={search_term_string}"},"query-input":"required name=search_term_string"}],"inLanguage":"en-US"},{"@type":"Organization","@id":"https://www.galerie.litomysl.cz/#organization","name":"Městská galerie Litomyšl","url":"https://www.galerie.litomysl.cz/","logo":{"@type":"ImageObject","inLanguage":"en-US","@id":"https://www.galerie.litomysl.cz/#/schema/logo/image/","url":"https://www.galerie.litomysl.cz/wp-content/uploads/MGL-logo-c..svg","contentUrl":"https://www.galerie.litomysl.cz/wp-content/uploads/MGL-logo-c..svg","width":212,"height":136,"caption":"Městská galerie Litomyšl"},"image":{"@id":"https://www.galerie.litomysl.cz/#/schema/logo/image/"}}]}</script>
<!-- / Yoast SEO plugin. -->

Opening of the exhibition SPACES AND FEELINGS - Městská galerie Litomyšl

Opening of the open-air exhibition PROBLES AND FEELINGS presenting interventions of contemporary artists in the space of Litomyšl.

Městská galerie Litomyšl

Domů
