{"id":13784,"date":"2025-04-29T12:57:39","date_gmt":"2025-04-29T10:57:39","guid":{"rendered":"https:\/\/www.galerie.litomysl.cz\/event\/kriminacht-2025-olomouc\/"},"modified":"2025-04-29T12:57:39","modified_gmt":"2025-04-29T10:57:39","slug":"kriminacht-2025-olomouc","status":"publish","type":"tribe_events","link":"https:\/\/www.galerie.litomysl.cz\/en\/event\/kriminacht-2025-olomouc\/","title":{"rendered":"KRIMINACHT 2025 Olomouc"},"content":{"rendered":"<p>Visit Olomouc&#8217;s first Kriminacht and get to know contemporary authors of Czech detective fiction &#8211; Veronika B\u00e1lkov\u00e1, Kate\u0159ina Surmanov\u00e1, Michal S\u00fdkora and Franti\u0161ek \u0160mehl\u00edk.<\/p>\n<p>Venue. Republiky 5 <\/p>\n<p>&nbsp;<\/p>\n<p>18.00 &#8211; Franti\u0161ek \u0160mehl\u00edk (St. Clare Hall &#8211; Exhibition Stories of Firearms, ground floor of the museum)<\/p>\n<p>19.30 &#8211; Veronika B\u00e1lkov\u00e1 (Natural History Exposition, 2nd floor of the museum)<\/p>\n<p>21.00 &#8211; Michal S\u00fdkora (Exposition Olomouc &#8211; fifteen centuries of the city, 1st floor of the museum)<\/p>\n<p>22.30 &#8211; Kate\u0159ina Surmanov\u00e1 (V\u00e1clav III Hall, ground floor of the museum)<\/p>\n<p>&nbsp;<\/p>\n<p>The evening cycle of readings is designed as a journey through the expositions of the Museum of Homeland History in Olomouc. Visitors can choose to attend only one reading or all four. <\/p>\n<p>Admission to the event is free.<\/p>\n","protected":false},"excerpt":{"rendered":"<p>Visit Olomouc&#8217;s first Kriminacht and get to know contemporary authors of Czech detective fiction &#8211; Veronika B\u00e1lkov\u00e1, Kate\u0159ina Surmanov\u00e1, Michal S\u00fdkora and Franti\u0161ek \u0160mehl\u00edk.<\/p>\n","protected":false},"author":8,"featured_media":0,"comment_status":"closed","ping_status":"closed","template":"","meta":{"inline_featured_image":false,"_tribe_events_status":"","_tribe_events_status_reason":"","footnotes":""},"tags":[],"tribe_events_cat":[],"acf":[],"yoast_head":"<!-- This site is optimized with the Yoast SEO plugin v21.4 - https:\/\/yoast.com\/wordpress\/plugins\/seo\/ -->\n<title>KRIMINACHT 2025 Olomouc - M\u011bstsk\u00e1 galerie Litomy\u0161l<\/title>\n<meta name=\"description\" content=\"Visit Olomouc&#039;s first Kriminacht and get to know contemporary authors of Czech detective fiction - Veronika B\u00e1lkov\u00e1, Kate\u0159ina Surmanov\u00e1, Michal S\u00fdkora and Franti\u0161ek \u0160mehl\u00edk.\" \/>\n<meta name=\"robots\" content=\"index, follow, max-snippet:-1, max-image-preview:large, max-video-preview:-1\" \/>\n<link rel=\"canonical\" href=\"https:\/\/www.galerie.litomysl.cz\/en\/event\/kriminacht-2025-olomouc\/\" \/>\n<meta property=\"og:locale\" content=\"en_US\" \/>\n<meta property=\"og:type\" content=\"article\" \/>\n<meta property=\"og:title\" content=\"KRIMINACHT 2025 Olomouc - M\u011bstsk\u00e1 galerie Litomy\u0161l\" \/>\n<meta property=\"og:description\" content=\"Visit Olomouc&#039;s first Kriminacht and get to know contemporary authors of Czech detective fiction - Veronika B\u00e1lkov\u00e1, Kate\u0159ina Surmanov\u00e1, Michal S\u00fdkora and Franti\u0161ek \u0160mehl\u00edk.\" \/>\n<meta property=\"og:url\" content=\"https:\/\/www.galerie.litomysl.cz\/en\/event\/kriminacht-2025-olomouc\/\" \/>\n<meta property=\"og:site_name\" content=\"M\u011bstsk\u00e1 galerie Litomy\u0161l\" \/>\n<meta name=\"twitter:card\" content=\"summary_large_image\" \/>\n<meta name=\"twitter:label1\" content=\"Est. reading time\" \/>\n\t<meta name=\"twitter:data1\" content=\"1 minute\" \/>\n<script type=\"application\/ld+json\" class=\"yoast-schema-graph\">{\"@context\":\"https:\/\/schema.org\",\"@graph\":[{\"@type\":\"WebPage\",\"@id\":\"https:\/\/www.galerie.litomysl.cz\/en\/event\/kriminacht-2025-olomouc\/\",\"url\":\"https:\/\/www.galerie.litomysl.cz\/en\/event\/kriminacht-2025-olomouc\/\",\"name\":\"KRIMINACHT 2025 Olomouc - M\u011bstsk\u00e1 galerie Litomy\u0161l\",\"isPartOf\":{\"@id\":\"https:\/\/www.galerie.litomysl.cz\/#website\"},\"datePublished\":\"2025-04-29T10:57:39+00:00\",\"dateModified\":\"2025-04-29T10:57:39+00:00\",\"description\":\"Visit Olomouc's first Kriminacht and get to know contemporary authors of Czech detective fiction - Veronika B\u00e1lkov\u00e1, Kate\u0159ina Surmanov\u00e1, Michal S\u00fdkora and Franti\u0161ek \u0160mehl\u00edk.\",\"breadcrumb\":{\"@id\":\"https:\/\/www.galerie.litomysl.cz\/en\/event\/kriminacht-2025-olomouc\/#breadcrumb\"},\"inLanguage\":\"en-US\",\"potentialAction\":[{\"@type\":\"ReadAction\",\"target\":[\"https:\/\/www.galerie.litomysl.cz\/en\/event\/kriminacht-2025-olomouc\/\"]}]},{\"@type\":\"BreadcrumbList\",\"@id\":\"https:\/\/www.galerie.litomysl.cz\/en\/event\/kriminacht-2025-olomouc\/#breadcrumb\",\"itemListElement\":[{\"@type\":\"ListItem\",\"position\":1,\"name\":\"Dom\u016f\",\"item\":\"https:\/\/www.galerie.litomysl.cz\/en\/\"},{\"@type\":\"ListItem\",\"position\":2,\"name\":\"Akce\",\"item\":\"https:\/\/www.galerie.litomysl.cz\/events\/\"},{\"@type\":\"ListItem\",\"position\":3,\"name\":\"KRIMINACHT 2025 Olomouc\"}]},{\"@type\":\"WebSite\",\"@id\":\"https:\/\/www.galerie.litomysl.cz\/#website\",\"url\":\"https:\/\/www.galerie.litomysl.cz\/\",\"name\":\"M\u011bstsk\u00e1 galerie Litomy\u0161l\",\"description\":\"\",\"publisher\":{\"@id\":\"https:\/\/www.galerie.litomysl.cz\/#organization\"},\"potentialAction\":[{\"@type\":\"SearchAction\",\"target\":{\"@type\":\"EntryPoint\",\"urlTemplate\":\"https:\/\/www.galerie.litomysl.cz\/?s={search_term_string}\"},\"query-input\":\"required name=search_term_string\"}],\"inLanguage\":\"en-US\"},{\"@type\":\"Organization\",\"@id\":\"https:\/\/www.galerie.litomysl.cz\/#organization\",\"name\":\"M\u011bstsk\u00e1 galerie Litomy\u0161l\",\"url\":\"https:\/\/www.galerie.litomysl.cz\/\",\"logo\":{\"@type\":\"ImageObject\",\"inLanguage\":\"en-US\",\"@id\":\"https:\/\/www.galerie.litomysl.cz\/#\/schema\/logo\/image\/\",\"url\":\"https:\/\/www.galerie.litomysl.cz\/wp-content\/uploads\/MGL-logo-c..svg\",\"contentUrl\":\"https:\/\/www.galerie.litomysl.cz\/wp-content\/uploads\/MGL-logo-c..svg\",\"width\":212,\"height\":136,\"caption\":\"M\u011bstsk\u00e1 galerie Litomy\u0161l\"},\"image\":{\"@id\":\"https:\/\/www.galerie.litomysl.cz\/#\/schema\/logo\/image\/\"}}]}<\/script>\n<!-- \/ Yoast SEO plugin. -->","yoast_head_json":{"title":"KRIMINACHT 2025 Olomouc - M\u011bstsk\u00e1 galerie Litomy\u0161l","description":"Visit Olomouc's first Kriminacht and get to know contemporary authors of Czech detective fiction - Veronika B\u00e1lkov\u00e1, Kate\u0159ina Surmanov\u00e1, Michal S\u00fdkora and Franti\u0161ek \u0160mehl\u00edk.","robots":{"index":"index","follow":"follow","max-snippet":"max-snippet:-1","max-image-preview":"max-image-preview:large","max-video-preview":"max-video-preview:-1"},"canonical":"https:\/\/www.galerie.litomysl.cz\/en\/event\/kriminacht-2025-olomouc\/","og_locale":"en_US","og_type":"article","og_title":"KRIMINACHT 2025 Olomouc - M\u011bstsk\u00e1 galerie Litomy\u0161l","og_description":"Visit Olomouc's first Kriminacht and get to know contemporary authors of Czech detective fiction - Veronika B\u00e1lkov\u00e1, Kate\u0159ina Surmanov\u00e1, Michal S\u00fdkora and Franti\u0161ek \u0160mehl\u00edk.","og_url":"https:\/\/www.galerie.litomysl.cz\/en\/event\/kriminacht-2025-olomouc\/","og_site_name":"M\u011bstsk\u00e1 galerie Litomy\u0161l","twitter_card":"summary_large_image","twitter_misc":{"Est. reading time":"1 minute"},"schema":{"@context":"https:\/\/schema.org","@graph":[{"@type":"WebPage","@id":"https:\/\/www.galerie.litomysl.cz\/en\/event\/kriminacht-2025-olomouc\/","url":"https:\/\/www.galerie.litomysl.cz\/en\/event\/kriminacht-2025-olomouc\/","name":"KRIMINACHT 2025 Olomouc - M\u011bstsk\u00e1 galerie Litomy\u0161l","isPartOf":{"@id":"https:\/\/www.galerie.litomysl.cz\/#website"},"datePublished":"2025-04-29T10:57:39+00:00","dateModified":"2025-04-29T10:57:39+00:00","description":"Visit Olomouc's first Kriminacht and get to know contemporary authors of Czech detective fiction - Veronika B\u00e1lkov\u00e1, Kate\u0159ina Surmanov\u00e1, Michal S\u00fdkora and Franti\u0161ek \u0160mehl\u00edk.","breadcrumb":{"@id":"https:\/\/www.galerie.litomysl.cz\/en\/event\/kriminacht-2025-olomouc\/#breadcrumb"},"inLanguage":"en-US","potentialAction":[{"@type":"ReadAction","target":["https:\/\/www.galerie.litomysl.cz\/en\/event\/kriminacht-2025-olomouc\/"]}]},{"@type":"BreadcrumbList","@id":"https:\/\/www.galerie.litomysl.cz\/en\/event\/kriminacht-2025-olomouc\/#breadcrumb","itemListElement":[{"@type":"ListItem","position":1,"name":"Dom\u016f","item":"https:\/\/www.galerie.litomysl.cz\/en\/"},{"@type":"ListItem","position":2,"name":"Akce","item":"https:\/\/www.galerie.litomysl.cz\/events\/"},{"@type":"ListItem","position":3,"name":"KRIMINACHT 2025 Olomouc"}]},{"@type":"WebSite","@id":"https:\/\/www.galerie.litomysl.cz\/#website","url":"https:\/\/www.galerie.litomysl.cz\/","name":"M\u011bstsk\u00e1 galerie Litomy\u0161l","description":"","publisher":{"@id":"https:\/\/www.galerie.litomysl.cz\/#organization"},"potentialAction":[{"@type":"SearchAction","target":{"@type":"EntryPoint","urlTemplate":"https:\/\/www.galerie.litomysl.cz\/?s={search_term_string}"},"query-input":"required name=search_term_string"}],"inLanguage":"en-US"},{"@type":"Organization","@id":"https:\/\/www.galerie.litomysl.cz\/#organization","name":"M\u011bstsk\u00e1 galerie Litomy\u0161l","url":"https:\/\/www.galerie.litomysl.cz\/","logo":{"@type":"ImageObject","inLanguage":"en-US","@id":"https:\/\/www.galerie.litomysl.cz\/#\/schema\/logo\/image\/","url":"https:\/\/www.galerie.litomysl.cz\/wp-content\/uploads\/MGL-logo-c..svg","contentUrl":"https:\/\/www.galerie.litomysl.cz\/wp-content\/uploads\/MGL-logo-c..svg","width":212,"height":136,"caption":"M\u011bstsk\u00e1 galerie Litomy\u0161l"},"image":{"@id":"https:\/\/www.galerie.litomysl.cz\/#\/schema\/logo\/image\/"}}]}},"_links":{"self":[{"href":"https:\/\/www.galerie.litomysl.cz\/en\/wp-json\/wp\/v2\/tribe_events\/13784"}],"collection":[{"href":"https:\/\/www.galerie.litomysl.cz\/en\/wp-json\/wp\/v2\/tribe_events"}],"about":[{"href":"https:\/\/www.galerie.litomysl.cz\/en\/wp-json\/wp\/v2\/types\/tribe_events"}],"author":[{"embeddable":true,"href":"https:\/\/www.galerie.litomysl.cz\/en\/wp-json\/wp\/v2\/users\/8"}],"replies":[{"embeddable":true,"href":"https:\/\/www.galerie.litomysl.cz\/en\/wp-json\/wp\/v2\/comments?post=13784"}],"version-history":[{"count":0,"href":"https:\/\/www.galerie.litomysl.cz\/en\/wp-json\/wp\/v2\/tribe_events\/13784\/revisions"}],"wp:attachment":[{"href":"https:\/\/www.galerie.litomysl.cz\/en\/wp-json\/wp\/v2\/media?parent=13784"}],"wp:term":[{"taxonomy":"post_tag","embeddable":true,"href":"https:\/\/www.galerie.litomysl.cz\/en\/wp-json\/wp\/v2\/tags?post=13784"},{"taxonomy":"tribe_events_cat","embeddable":true,"href":"https:\/\/www.galerie.litomysl.cz\/en\/wp-json\/wp\/v2\/tribe_events_cat?post=13784"}],"curies":[{"name":"wp","href":"https:\/\/api.w.org\/{rel}","templated":true}]}}

<p>Visit Olomouc&#8217;s first Kriminacht and get to know contemporary authors of Czech detective fiction &#8211; Veronika Bálková, Kateřina Surmanová, Michal Sýkora and František Šmehlík.</p>
<p>Venue. Republiky 5 </p>
<p>&nbsp;</p>
<p>18.00 &#8211; František Šmehlík (St. Clare Hall &#8211; Exhibition Stories of Firearms, ground floor of the museum)</p>
<p>19.30 &#8211; Veronika Bálková (Natural History Exposition, 2nd floor of the museum)</p>
<p>21.00 &#8211; Michal Sýkora (Exposition Olomouc &#8211; fifteen centuries of the city, 1st floor of the museum)</p>
<p>22.30 &#8211; Kateřina Surmanová (Václav III Hall, ground floor of the museum)</p>
<p>&nbsp;</p>
<p>The evening cycle of readings is designed as a journey through the expositions of the Museum of Homeland History in Olomouc. Visitors can choose to attend only one reading or all four. </p>
<p>Admission to the event is free.</p>

<p>Visit Olomouc&#8217;s first Kriminacht and get to know contemporary authors of Czech detective fiction &#8211; Veronika Bálková, Kateřina Surmanová, Michal Sýkora and František Šmehlík.</p>

<!-- This site is optimized with the Yoast SEO plugin v21.4 - https://yoast.com/wordpress/plugins/seo/ -->
<title>KRIMINACHT 2025 Olomouc - Městská galerie Litomyšl</title>
<meta name="description" content="Visit Olomouc&#039;s first Kriminacht and get to know contemporary authors of Czech detective fiction - Veronika Bálková, Kateřina Surmanová, Michal Sýkora and František Šmehlík." />
<meta name="robots" content="index, follow, max-snippet:-1, max-image-preview:large, max-video-preview:-1" />
<link rel="canonical" href="https://www.galerie.litomysl.cz/en/event/kriminacht-2025-olomouc/" />
<meta property="og:locale" content="en_US" />
<meta property="og:type" content="article" />
<meta property="og:title" content="KRIMINACHT 2025 Olomouc - Městská galerie Litomyšl" />
<meta property="og:description" content="Visit Olomouc&#039;s first Kriminacht and get to know contemporary authors of Czech detective fiction - Veronika Bálková, Kateřina Surmanová, Michal Sýkora and František Šmehlík." />
<meta property="og:url" content="https://www.galerie.litomysl.cz/en/event/kriminacht-2025-olomouc/" />
<meta property="og:site_name" content="Městská galerie Litomyšl" />
<meta name="twitter:card" content="summary_large_image" />
<meta name="twitter:label1" content="Est. reading time" />
	<meta name="twitter:data1" content="1 minute" />
<script type="application/ld+json" class="yoast-schema-graph">{"@context":"https://schema.org","@graph":[{"@type":"WebPage","@id":"https://www.galerie.litomysl.cz/en/event/kriminacht-2025-olomouc/","url":"https://www.galerie.litomysl.cz/en/event/kriminacht-2025-olomouc/","name":"KRIMINACHT 2025 Olomouc - Městská galerie Litomyšl","isPartOf":{"@id":"https://www.galerie.litomysl.cz/#website"},"datePublished":"2025-04-29T10:57:39+00:00","dateModified":"2025-04-29T10:57:39+00:00","description":"Visit Olomouc's first Kriminacht and get to know contemporary authors of Czech detective fiction - Veronika Bálková, Kateřina Surmanová, Michal Sýkora and František Šmehlík.","breadcrumb":{"@id":"https://www.galerie.litomysl.cz/en/event/kriminacht-2025-olomouc/#breadcrumb"},"inLanguage":"en-US","potentialAction":[{"@type":"ReadAction","target":["https://www.galerie.litomysl.cz/en/event/kriminacht-2025-olomouc/"]}]},{"@type":"BreadcrumbList","@id":"https://www.galerie.litomysl.cz/en/event/kriminacht-2025-olomouc/#breadcrumb","itemListElement":[{"@type":"ListItem","position":1,"name":"Domů","item":"https://www.galerie.litomysl.cz/en/"},{"@type":"ListItem","position":2,"name":"Akce","item":"https://www.galerie.litomysl.cz/events/"},{"@type":"ListItem","position":3,"name":"KRIMINACHT 2025 Olomouc"}]},{"@type":"WebSite","@id":"https://www.galerie.litomysl.cz/#website","url":"https://www.galerie.litomysl.cz/","name":"Městská galerie Litomyšl","description":"","publisher":{"@id":"https://www.galerie.litomysl.cz/#organization"},"potentialAction":[{"@type":"SearchAction","target":{"@type":"EntryPoint","urlTemplate":"https://www.galerie.litomysl.cz/?s={search_term_string}"},"query-input":"required name=search_term_string"}],"inLanguage":"en-US"},{"@type":"Organization","@id":"https://www.galerie.litomysl.cz/#organization","name":"Městská galerie Litomyšl","url":"https://www.galerie.litomysl.cz/","logo":{"@type":"ImageObject","inLanguage":"en-US","@id":"https://www.galerie.litomysl.cz/#/schema/logo/image/","url":"https://www.galerie.litomysl.cz/wp-content/uploads/MGL-logo-c..svg","contentUrl":"https://www.galerie.litomysl.cz/wp-content/uploads/MGL-logo-c..svg","width":212,"height":136,"caption":"Městská galerie Litomyšl"},"image":{"@id":"https://www.galerie.litomysl.cz/#/schema/logo/image/"}}]}</script>
<!-- / Yoast SEO plugin. -->

KRIMINACHT 2025 Olomouc - Městská galerie Litomyšl

Visit Olomouc's first Kriminacht and get to know contemporary authors of Czech detective fiction - Veronika Bálková, Kateřina Surmanová, Michal Sýkora and František Šmehlík.

Městská galerie Litomyšl

Domů
