{"id":17013,"date":"2026-04-11T23:02:41","date_gmt":"2026-04-11T21:02:41","guid":{"rendered":"https:\/\/www.galerie.litomysl.cz\/event\/ausserhalb-von-ostrale\/"},"modified":"2026-04-11T23:03:39","modified_gmt":"2026-04-11T21:03:39","slug":"ausserhalb-von-ostrale","status":"publish","type":"tribe_events","link":"https:\/\/www.galerie.litomysl.cz\/de\/event\/ausserhalb-von-ostrale\/","title":{"rendered":"Out of Ostrale"},"content":{"rendered":"<p>Die Ausstellung Out of Ostrale pr\u00e4sentiert das Beste der Dresdner Biennale <a href=\"https:\/\/ostrale.de\/\"> OSTRALE<\/a> in den majest\u00e4tischen R\u00e4umen des <a href=\"https:\/\/www.zamecke-navrsi.cz\/cs\/m-76-cervena-vez\">Roten Turms<\/a> in Litomy\u0161l.<\/p>\n<p>Die OSTRALE Biennale ist ein etabliertes kulturelles Ereignis, das eine unglaubliche Bandbreite an zeitgen\u00f6ssischer europ\u00e4ischer und au\u00dfereurop\u00e4ischer Kunst pr\u00e4sentiert. Die Sammlung von Werken, die f\u00fcr die Ausstellung in Litomy\u0161l ausgew\u00e4hlt wurde, ist ein vielstimmiges, zutiefst pers\u00f6nliches Statement, das lose mit den Themen Zeit, Kindheit, menschliche Erinnerung, Mutterschaft, aber auch dem unaufh\u00f6rlichen Heimweh, der Entfremdung, dem Verlust der Identit\u00e4t und \u00f6kologischen Illusionen verwoben ist. <\/p>\n<p><strong>Die Er\u00f6ffnung der Ausstellung findet am Sonntag, den 14. Juni um 15:00 Uhr im Roten Turm statt. <\/strong><\/p>\n","protected":false},"excerpt":{"rendered":"<p>Er\u00f6ffnung der Ausstellung Out of Ostrale im Roten Turm.  <\/p>\n","protected":false},"author":8,"featured_media":0,"comment_status":"closed","ping_status":"closed","template":"","meta":{"inline_featured_image":false,"_tribe_events_status":"","_tribe_events_status_reason":"","footnotes":""},"tags":[],"tribe_events_cat":[103],"acf":[],"yoast_head":"<!-- This site is optimized with the Yoast SEO plugin v21.4 - https:\/\/yoast.com\/wordpress\/plugins\/seo\/ -->\n<title>Out of Ostrale - M\u011bstsk\u00e1 galerie Litomy\u0161l<\/title>\n<meta name=\"description\" content=\"Die Ausstellung Out of Ostrale in Litomy\u0161l pr\u00e4sentiert eine Auswahl aus der Dresdner Biennale f\u00fcr zeitgen\u00f6ssische Kunst OSTRALE. Er\u00f6ffnung am 14. Juni im Roten Turm.\" \/>\n<meta name=\"robots\" content=\"index, follow, max-snippet:-1, max-image-preview:large, max-video-preview:-1\" \/>\n<link rel=\"canonical\" href=\"https:\/\/www.galerie.litomysl.cz\/de\/event\/ausserhalb-von-ostrale\/\" \/>\n<meta property=\"og:locale\" content=\"de_DE\" \/>\n<meta property=\"og:type\" content=\"article\" \/>\n<meta property=\"og:title\" content=\"Out of Ostrale - M\u011bstsk\u00e1 galerie Litomy\u0161l\" \/>\n<meta property=\"og:description\" content=\"Die Ausstellung Out of Ostrale in Litomy\u0161l pr\u00e4sentiert eine Auswahl aus der Dresdner Biennale f\u00fcr zeitgen\u00f6ssische Kunst OSTRALE. Er\u00f6ffnung am 14. Juni im Roten Turm.\" \/>\n<meta property=\"og:url\" content=\"https:\/\/www.galerie.litomysl.cz\/de\/event\/ausserhalb-von-ostrale\/\" \/>\n<meta property=\"og:site_name\" content=\"M\u011bstsk\u00e1 galerie Litomy\u0161l\" \/>\n<meta property=\"article:modified_time\" content=\"2026-04-11T21:03:39+00:00\" \/>\n<meta name=\"twitter:card\" content=\"summary_large_image\" \/>\n<meta name=\"twitter:label1\" content=\"Gesch\u00e4tzte Lesezeit\" \/>\n\t<meta name=\"twitter:data1\" content=\"1\u00a0Minute\" \/>\n<script type=\"application\/ld+json\" class=\"yoast-schema-graph\">{\"@context\":\"https:\/\/schema.org\",\"@graph\":[{\"@type\":\"WebPage\",\"@id\":\"https:\/\/www.galerie.litomysl.cz\/de\/event\/ausserhalb-von-ostrale\/\",\"url\":\"https:\/\/www.galerie.litomysl.cz\/de\/event\/ausserhalb-von-ostrale\/\",\"name\":\"Out of Ostrale - M\u011bstsk\u00e1 galerie Litomy\u0161l\",\"isPartOf\":{\"@id\":\"https:\/\/www.galerie.litomysl.cz\/#website\"},\"datePublished\":\"2026-04-11T21:02:41+00:00\",\"dateModified\":\"2026-04-11T21:03:39+00:00\",\"description\":\"Die Ausstellung Out of Ostrale in Litomy\u0161l pr\u00e4sentiert eine Auswahl aus der Dresdner Biennale f\u00fcr zeitgen\u00f6ssische Kunst OSTRALE. Er\u00f6ffnung am 14. Juni im Roten Turm.\",\"breadcrumb\":{\"@id\":\"https:\/\/www.galerie.litomysl.cz\/de\/event\/ausserhalb-von-ostrale\/#breadcrumb\"},\"inLanguage\":\"de\",\"potentialAction\":[{\"@type\":\"ReadAction\",\"target\":[\"https:\/\/www.galerie.litomysl.cz\/de\/event\/ausserhalb-von-ostrale\/\"]}]},{\"@type\":\"BreadcrumbList\",\"@id\":\"https:\/\/www.galerie.litomysl.cz\/de\/event\/ausserhalb-von-ostrale\/#breadcrumb\",\"itemListElement\":[{\"@type\":\"ListItem\",\"position\":1,\"name\":\"Dom\u016f\",\"item\":\"https:\/\/www.galerie.litomysl.cz\/de\/\"},{\"@type\":\"ListItem\",\"position\":2,\"name\":\"Akce\",\"item\":\"https:\/\/www.galerie.litomysl.cz\/events\/\"},{\"@type\":\"ListItem\",\"position\":3,\"name\":\"Out of Ostrale\"}]},{\"@type\":\"WebSite\",\"@id\":\"https:\/\/www.galerie.litomysl.cz\/#website\",\"url\":\"https:\/\/www.galerie.litomysl.cz\/\",\"name\":\"M\u011bstsk\u00e1 galerie Litomy\u0161l\",\"description\":\"\",\"publisher\":{\"@id\":\"https:\/\/www.galerie.litomysl.cz\/#organization\"},\"potentialAction\":[{\"@type\":\"SearchAction\",\"target\":{\"@type\":\"EntryPoint\",\"urlTemplate\":\"https:\/\/www.galerie.litomysl.cz\/?s={search_term_string}\"},\"query-input\":\"required name=search_term_string\"}],\"inLanguage\":\"de\"},{\"@type\":\"Organization\",\"@id\":\"https:\/\/www.galerie.litomysl.cz\/#organization\",\"name\":\"M\u011bstsk\u00e1 galerie Litomy\u0161l\",\"url\":\"https:\/\/www.galerie.litomysl.cz\/\",\"logo\":{\"@type\":\"ImageObject\",\"inLanguage\":\"de\",\"@id\":\"https:\/\/www.galerie.litomysl.cz\/#\/schema\/logo\/image\/\",\"url\":\"https:\/\/www.galerie.litomysl.cz\/wp-content\/uploads\/MGL-logo-c..svg\",\"contentUrl\":\"https:\/\/www.galerie.litomysl.cz\/wp-content\/uploads\/MGL-logo-c..svg\",\"width\":212,\"height\":136,\"caption\":\"M\u011bstsk\u00e1 galerie Litomy\u0161l\"},\"image\":{\"@id\":\"https:\/\/www.galerie.litomysl.cz\/#\/schema\/logo\/image\/\"}}]}<\/script>\n<!-- \/ Yoast SEO plugin. -->","yoast_head_json":{"title":"Out of Ostrale - M\u011bstsk\u00e1 galerie Litomy\u0161l","description":"Die Ausstellung Out of Ostrale in Litomy\u0161l pr\u00e4sentiert eine Auswahl aus der Dresdner Biennale f\u00fcr zeitgen\u00f6ssische Kunst OSTRALE. Er\u00f6ffnung am 14. Juni im Roten Turm.","robots":{"index":"index","follow":"follow","max-snippet":"max-snippet:-1","max-image-preview":"max-image-preview:large","max-video-preview":"max-video-preview:-1"},"canonical":"https:\/\/www.galerie.litomysl.cz\/de\/event\/ausserhalb-von-ostrale\/","og_locale":"de_DE","og_type":"article","og_title":"Out of Ostrale - M\u011bstsk\u00e1 galerie Litomy\u0161l","og_description":"Die Ausstellung Out of Ostrale in Litomy\u0161l pr\u00e4sentiert eine Auswahl aus der Dresdner Biennale f\u00fcr zeitgen\u00f6ssische Kunst OSTRALE. Er\u00f6ffnung am 14. Juni im Roten Turm.","og_url":"https:\/\/www.galerie.litomysl.cz\/de\/event\/ausserhalb-von-ostrale\/","og_site_name":"M\u011bstsk\u00e1 galerie Litomy\u0161l","article_modified_time":"2026-04-11T21:03:39+00:00","twitter_card":"summary_large_image","twitter_misc":{"Gesch\u00e4tzte Lesezeit":"1\u00a0Minute"},"schema":{"@context":"https:\/\/schema.org","@graph":[{"@type":"WebPage","@id":"https:\/\/www.galerie.litomysl.cz\/de\/event\/ausserhalb-von-ostrale\/","url":"https:\/\/www.galerie.litomysl.cz\/de\/event\/ausserhalb-von-ostrale\/","name":"Out of Ostrale - M\u011bstsk\u00e1 galerie Litomy\u0161l","isPartOf":{"@id":"https:\/\/www.galerie.litomysl.cz\/#website"},"datePublished":"2026-04-11T21:02:41+00:00","dateModified":"2026-04-11T21:03:39+00:00","description":"Die Ausstellung Out of Ostrale in Litomy\u0161l pr\u00e4sentiert eine Auswahl aus der Dresdner Biennale f\u00fcr zeitgen\u00f6ssische Kunst OSTRALE. Er\u00f6ffnung am 14. Juni im Roten Turm.","breadcrumb":{"@id":"https:\/\/www.galerie.litomysl.cz\/de\/event\/ausserhalb-von-ostrale\/#breadcrumb"},"inLanguage":"de","potentialAction":[{"@type":"ReadAction","target":["https:\/\/www.galerie.litomysl.cz\/de\/event\/ausserhalb-von-ostrale\/"]}]},{"@type":"BreadcrumbList","@id":"https:\/\/www.galerie.litomysl.cz\/de\/event\/ausserhalb-von-ostrale\/#breadcrumb","itemListElement":[{"@type":"ListItem","position":1,"name":"Dom\u016f","item":"https:\/\/www.galerie.litomysl.cz\/de\/"},{"@type":"ListItem","position":2,"name":"Akce","item":"https:\/\/www.galerie.litomysl.cz\/events\/"},{"@type":"ListItem","position":3,"name":"Out of Ostrale"}]},{"@type":"WebSite","@id":"https:\/\/www.galerie.litomysl.cz\/#website","url":"https:\/\/www.galerie.litomysl.cz\/","name":"M\u011bstsk\u00e1 galerie Litomy\u0161l","description":"","publisher":{"@id":"https:\/\/www.galerie.litomysl.cz\/#organization"},"potentialAction":[{"@type":"SearchAction","target":{"@type":"EntryPoint","urlTemplate":"https:\/\/www.galerie.litomysl.cz\/?s={search_term_string}"},"query-input":"required name=search_term_string"}],"inLanguage":"de"},{"@type":"Organization","@id":"https:\/\/www.galerie.litomysl.cz\/#organization","name":"M\u011bstsk\u00e1 galerie Litomy\u0161l","url":"https:\/\/www.galerie.litomysl.cz\/","logo":{"@type":"ImageObject","inLanguage":"de","@id":"https:\/\/www.galerie.litomysl.cz\/#\/schema\/logo\/image\/","url":"https:\/\/www.galerie.litomysl.cz\/wp-content\/uploads\/MGL-logo-c..svg","contentUrl":"https:\/\/www.galerie.litomysl.cz\/wp-content\/uploads\/MGL-logo-c..svg","width":212,"height":136,"caption":"M\u011bstsk\u00e1 galerie Litomy\u0161l"},"image":{"@id":"https:\/\/www.galerie.litomysl.cz\/#\/schema\/logo\/image\/"}}]}},"_links":{"self":[{"href":"https:\/\/www.galerie.litomysl.cz\/de\/wp-json\/wp\/v2\/tribe_events\/17013"}],"collection":[{"href":"https:\/\/www.galerie.litomysl.cz\/de\/wp-json\/wp\/v2\/tribe_events"}],"about":[{"href":"https:\/\/www.galerie.litomysl.cz\/de\/wp-json\/wp\/v2\/types\/tribe_events"}],"author":[{"embeddable":true,"href":"https:\/\/www.galerie.litomysl.cz\/de\/wp-json\/wp\/v2\/users\/8"}],"replies":[{"embeddable":true,"href":"https:\/\/www.galerie.litomysl.cz\/de\/wp-json\/wp\/v2\/comments?post=17013"}],"version-history":[{"count":1,"href":"https:\/\/www.galerie.litomysl.cz\/de\/wp-json\/wp\/v2\/tribe_events\/17013\/revisions"}],"predecessor-version":[{"id":17014,"href":"https:\/\/www.galerie.litomysl.cz\/de\/wp-json\/wp\/v2\/tribe_events\/17013\/revisions\/17014"}],"wp:attachment":[{"href":"https:\/\/www.galerie.litomysl.cz\/de\/wp-json\/wp\/v2\/media?parent=17013"}],"wp:term":[{"taxonomy":"post_tag","embeddable":true,"href":"https:\/\/www.galerie.litomysl.cz\/de\/wp-json\/wp\/v2\/tags?post=17013"},{"taxonomy":"tribe_events_cat","embeddable":true,"href":"https:\/\/www.galerie.litomysl.cz\/de\/wp-json\/wp\/v2\/tribe_events_cat?post=17013"}],"curies":[{"name":"wp","href":"https:\/\/api.w.org\/{rel}","templated":true}]}}

<p>Die Ausstellung Out of Ostrale präsentiert das Beste der Dresdner Biennale <a href="https://ostrale.de/"> OSTRALE</a> in den majestätischen Räumen des <a href="https://www.zamecke-navrsi.cz/cs/m-76-cervena-vez">Roten Turms</a> in Litomyšl.</p>
<p>Die OSTRALE Biennale ist ein etabliertes kulturelles Ereignis, das eine unglaubliche Bandbreite an zeitgenössischer europäischer und außereuropäischer Kunst präsentiert. Die Sammlung von Werken, die für die Ausstellung in Litomyšl ausgewählt wurde, ist ein vielstimmiges, zutiefst persönliches Statement, das lose mit den Themen Zeit, Kindheit, menschliche Erinnerung, Mutterschaft, aber auch dem unaufhörlichen Heimweh, der Entfremdung, dem Verlust der Identität und ökologischen Illusionen verwoben ist. </p>
<p><strong>Die Eröffnung der Ausstellung findet am Sonntag, den 14. Juni um 15:00 Uhr im Roten Turm statt. </strong></p>

<p>Eröffnung der Ausstellung Out of Ostrale im Roten Turm.  </p>

<!-- This site is optimized with the Yoast SEO plugin v21.4 - https://yoast.com/wordpress/plugins/seo/ -->
<title>Out of Ostrale - Městská galerie Litomyšl</title>
<meta name="description" content="Die Ausstellung Out of Ostrale in Litomyšl präsentiert eine Auswahl aus der Dresdner Biennale für zeitgenössische Kunst OSTRALE. Eröffnung am 14. Juni im Roten Turm." />
<meta name="robots" content="index, follow, max-snippet:-1, max-image-preview:large, max-video-preview:-1" />
<link rel="canonical" href="https://www.galerie.litomysl.cz/de/event/ausserhalb-von-ostrale/" />
<meta property="og:locale" content="de_DE" />
<meta property="og:type" content="article" />
<meta property="og:title" content="Out of Ostrale - Městská galerie Litomyšl" />
<meta property="og:description" content="Die Ausstellung Out of Ostrale in Litomyšl präsentiert eine Auswahl aus der Dresdner Biennale für zeitgenössische Kunst OSTRALE. Eröffnung am 14. Juni im Roten Turm." />
<meta property="og:url" content="https://www.galerie.litomysl.cz/de/event/ausserhalb-von-ostrale/" />
<meta property="og:site_name" content="Městská galerie Litomyšl" />
<meta property="article:modified_time" content="2026-04-11T21:03:39+00:00" />
<meta name="twitter:card" content="summary_large_image" />
<meta name="twitter:label1" content="Geschätzte Lesezeit" />
	<meta name="twitter:data1" content="1 Minute" />
<script type="application/ld+json" class="yoast-schema-graph">{"@context":"https://schema.org","@graph":[{"@type":"WebPage","@id":"https://www.galerie.litomysl.cz/de/event/ausserhalb-von-ostrale/","url":"https://www.galerie.litomysl.cz/de/event/ausserhalb-von-ostrale/","name":"Out of Ostrale - Městská galerie Litomyšl","isPartOf":{"@id":"https://www.galerie.litomysl.cz/#website"},"datePublished":"2026-04-11T21:02:41+00:00","dateModified":"2026-04-11T21:03:39+00:00","description":"Die Ausstellung Out of Ostrale in Litomyšl präsentiert eine Auswahl aus der Dresdner Biennale für zeitgenössische Kunst OSTRALE. Eröffnung am 14. Juni im Roten Turm.","breadcrumb":{"@id":"https://www.galerie.litomysl.cz/de/event/ausserhalb-von-ostrale/#breadcrumb"},"inLanguage":"de","potentialAction":[{"@type":"ReadAction","target":["https://www.galerie.litomysl.cz/de/event/ausserhalb-von-ostrale/"]}]},{"@type":"BreadcrumbList","@id":"https://www.galerie.litomysl.cz/de/event/ausserhalb-von-ostrale/#breadcrumb","itemListElement":[{"@type":"ListItem","position":1,"name":"Domů","item":"https://www.galerie.litomysl.cz/de/"},{"@type":"ListItem","position":2,"name":"Akce","item":"https://www.galerie.litomysl.cz/events/"},{"@type":"ListItem","position":3,"name":"Out of Ostrale"}]},{"@type":"WebSite","@id":"https://www.galerie.litomysl.cz/#website","url":"https://www.galerie.litomysl.cz/","name":"Městská galerie Litomyšl","description":"","publisher":{"@id":"https://www.galerie.litomysl.cz/#organization"},"potentialAction":[{"@type":"SearchAction","target":{"@type":"EntryPoint","urlTemplate":"https://www.galerie.litomysl.cz/?s={search_term_string}"},"query-input":"required name=search_term_string"}],"inLanguage":"de"},{"@type":"Organization","@id":"https://www.galerie.litomysl.cz/#organization","name":"Městská galerie Litomyšl","url":"https://www.galerie.litomysl.cz/","logo":{"@type":"ImageObject","inLanguage":"de","@id":"https://www.galerie.litomysl.cz/#/schema/logo/image/","url":"https://www.galerie.litomysl.cz/wp-content/uploads/MGL-logo-c..svg","contentUrl":"https://www.galerie.litomysl.cz/wp-content/uploads/MGL-logo-c..svg","width":212,"height":136,"caption":"Městská galerie Litomyšl"},"image":{"@id":"https://www.galerie.litomysl.cz/#/schema/logo/image/"}}]}</script>
<!-- / Yoast SEO plugin. -->

Out of Ostrale - Městská galerie Litomyšl

Die Ausstellung Out of Ostrale in Litomyšl präsentiert eine Auswahl aus der Dresdner Biennale für zeitgenössische Kunst OSTRALE. Eröffnung am 14. Juni im Roten Turm.

Městská galerie Litomyšl

Domů
