{"id":17010,"date":"2026-04-11T23:02:39","date_gmt":"2026-04-11T21:02:39","guid":{"rendered":"https:\/\/www.galerie.litomysl.cz\/event\/jaroslav-rona-stille-und-mythen\/"},"modified":"2026-04-11T23:02:39","modified_gmt":"2026-04-11T21:02:39","slug":"jaroslav-rona-stille-und-mythen","status":"publish","type":"tribe_events","link":"https:\/\/www.galerie.litomysl.cz\/de\/event\/jaroslav-rona-stille-und-mythen\/","title":{"rendered":"Jaroslav R\u00f3na. Stille und Mythen"},"content":{"rendered":"<p>Die diesj\u00e4hrige Open-Air-Ausstellung des <a href=\"https:\/\/vytvarnalitomysl.cz\">Smetana Art Festival Litomy\u0161l<\/a> ist gewidmet <em><strong>Jaroslav R\u00f3na<\/strong><\/em>gewidmet, einem Bildhauer, der im tschechischen Kontext kaum vorgestellt werden muss. Denken Sie nur an das Denkmal f\u00fcr Franz Kafka in Prag oder das Reiterstandbild des Markgrafen Jost in Br\u00fcnn. Die Ausstellung in Litomy\u0161l mit dem Titel <em><strong>Stille und Mythen<\/strong><\/em> ist die bisher umfangreichste Ausstellung des Autors im \u00f6ffentlichen Raum.  <\/p>\n<p>Die Anmut der bildhauerischen Werke von Jaroslav R\u00f3na liegt in der Figur, durch die er seine reiche Phantasie anstelle der Realit\u00e4t widerspiegelt, verk\u00f6rpert in stellvertretenden Symbolen in Form von humanoiden und tierischen Wesen. Die stillen, mythischen Welten von J. R\u00f3na erwachen in Monumenten zum Leben, deren Formverformung, die an Totems oder Idole von Naturv\u00f6lkern erinnert, so organisch ist, dass sie in der urbanen Zivilisation des 21. Jahrhunderts nicht als fremdes Element erscheinen. Im Gegenteil, die stoische Ruhe der majest\u00e4tischen Statuen unterstreicht die Tatsache, dass die Stadt nicht nur eine Quelle des Stresses ist, sondern auch eine sichere Zone, die eine Kulisse und eine Gelegenheit zur Entspannung bieten kann.   <\/p>\n<p><strong>Die Er\u00f6ffnung der Ausstellung findet in Form einer F\u00fchrung am Samstag, den 13. Juni um 15:00 Uhr statt. <\/strong><br \/>\n<strong>Treffpunkt:<\/strong> vor der Piaristenkirche zur Auffindung des Heiligen Kreuzes <\/p>\n","protected":false},"excerpt":{"rendered":"<p>Er\u00f6ffnung der Open-Air-Ausstellung.  <\/p>\n","protected":false},"author":8,"featured_media":0,"comment_status":"closed","ping_status":"closed","template":"","meta":{"inline_featured_image":false,"_tribe_events_status":"","_tribe_events_status_reason":"","footnotes":""},"tags":[],"tribe_events_cat":[103],"acf":[],"yoast_head":"<!-- This site is optimized with the Yoast SEO plugin v21.4 - https:\/\/yoast.com\/wordpress\/plugins\/seo\/ -->\n<title>Jaroslav R\u00f3na. Stille und Mythen - M\u011bstsk\u00e1 galerie Litomy\u0161l<\/title>\n<meta name=\"description\" content=\"Die Open-Air-Ausstellung von Jaroslav R\u00f3na in Litomy\u0161l zeigt monumentale Skulpturen, die von Mythen und Geschichte inspiriert sind. Er\u00f6ffnung am 13. Juni um 15:00 Uhr.\" \/>\n<meta name=\"robots\" content=\"index, follow, max-snippet:-1, max-image-preview:large, max-video-preview:-1\" \/>\n<link rel=\"canonical\" href=\"https:\/\/www.galerie.litomysl.cz\/de\/event\/jaroslav-rona-stille-und-mythen\/\" \/>\n<meta property=\"og:locale\" content=\"de_DE\" \/>\n<meta property=\"og:type\" content=\"article\" \/>\n<meta property=\"og:title\" content=\"Jaroslav R\u00f3na. Stille und Mythen - M\u011bstsk\u00e1 galerie Litomy\u0161l\" \/>\n<meta property=\"og:description\" content=\"Die Open-Air-Ausstellung von Jaroslav R\u00f3na in Litomy\u0161l zeigt monumentale Skulpturen, die von Mythen und Geschichte inspiriert sind. Er\u00f6ffnung am 13. Juni um 15:00 Uhr.\" \/>\n<meta property=\"og:url\" content=\"https:\/\/www.galerie.litomysl.cz\/de\/event\/jaroslav-rona-stille-und-mythen\/\" \/>\n<meta property=\"og:site_name\" content=\"M\u011bstsk\u00e1 galerie Litomy\u0161l\" \/>\n<meta name=\"twitter:card\" content=\"summary_large_image\" \/>\n<meta name=\"twitter:label1\" content=\"Gesch\u00e4tzte Lesezeit\" \/>\n\t<meta name=\"twitter:data1\" content=\"1\u00a0Minute\" \/>\n<script type=\"application\/ld+json\" class=\"yoast-schema-graph\">{\"@context\":\"https:\/\/schema.org\",\"@graph\":[{\"@type\":\"WebPage\",\"@id\":\"https:\/\/www.galerie.litomysl.cz\/de\/event\/jaroslav-rona-stille-und-mythen\/\",\"url\":\"https:\/\/www.galerie.litomysl.cz\/de\/event\/jaroslav-rona-stille-und-mythen\/\",\"name\":\"Jaroslav R\u00f3na. Stille und Mythen - M\u011bstsk\u00e1 galerie Litomy\u0161l\",\"isPartOf\":{\"@id\":\"https:\/\/www.galerie.litomysl.cz\/#website\"},\"datePublished\":\"2026-04-11T21:02:39+00:00\",\"dateModified\":\"2026-04-11T21:02:39+00:00\",\"description\":\"Die Open-Air-Ausstellung von Jaroslav R\u00f3na in Litomy\u0161l zeigt monumentale Skulpturen, die von Mythen und Geschichte inspiriert sind. Er\u00f6ffnung am 13. Juni um 15:00 Uhr.\",\"breadcrumb\":{\"@id\":\"https:\/\/www.galerie.litomysl.cz\/de\/event\/jaroslav-rona-stille-und-mythen\/#breadcrumb\"},\"inLanguage\":\"de\",\"potentialAction\":[{\"@type\":\"ReadAction\",\"target\":[\"https:\/\/www.galerie.litomysl.cz\/de\/event\/jaroslav-rona-stille-und-mythen\/\"]}]},{\"@type\":\"BreadcrumbList\",\"@id\":\"https:\/\/www.galerie.litomysl.cz\/de\/event\/jaroslav-rona-stille-und-mythen\/#breadcrumb\",\"itemListElement\":[{\"@type\":\"ListItem\",\"position\":1,\"name\":\"Dom\u016f\",\"item\":\"https:\/\/www.galerie.litomysl.cz\/de\/\"},{\"@type\":\"ListItem\",\"position\":2,\"name\":\"Akce\",\"item\":\"https:\/\/www.galerie.litomysl.cz\/events\/\"},{\"@type\":\"ListItem\",\"position\":3,\"name\":\"Jaroslav R\u00f3na. Stille und Mythen\"}]},{\"@type\":\"WebSite\",\"@id\":\"https:\/\/www.galerie.litomysl.cz\/#website\",\"url\":\"https:\/\/www.galerie.litomysl.cz\/\",\"name\":\"M\u011bstsk\u00e1 galerie Litomy\u0161l\",\"description\":\"\",\"publisher\":{\"@id\":\"https:\/\/www.galerie.litomysl.cz\/#organization\"},\"potentialAction\":[{\"@type\":\"SearchAction\",\"target\":{\"@type\":\"EntryPoint\",\"urlTemplate\":\"https:\/\/www.galerie.litomysl.cz\/?s={search_term_string}\"},\"query-input\":\"required name=search_term_string\"}],\"inLanguage\":\"de\"},{\"@type\":\"Organization\",\"@id\":\"https:\/\/www.galerie.litomysl.cz\/#organization\",\"name\":\"M\u011bstsk\u00e1 galerie Litomy\u0161l\",\"url\":\"https:\/\/www.galerie.litomysl.cz\/\",\"logo\":{\"@type\":\"ImageObject\",\"inLanguage\":\"de\",\"@id\":\"https:\/\/www.galerie.litomysl.cz\/#\/schema\/logo\/image\/\",\"url\":\"https:\/\/www.galerie.litomysl.cz\/wp-content\/uploads\/MGL-logo-c..svg\",\"contentUrl\":\"https:\/\/www.galerie.litomysl.cz\/wp-content\/uploads\/MGL-logo-c..svg\",\"width\":212,\"height\":136,\"caption\":\"M\u011bstsk\u00e1 galerie Litomy\u0161l\"},\"image\":{\"@id\":\"https:\/\/www.galerie.litomysl.cz\/#\/schema\/logo\/image\/\"}}]}<\/script>\n<!-- \/ Yoast SEO plugin. -->","yoast_head_json":{"title":"Jaroslav R\u00f3na. Stille und Mythen - M\u011bstsk\u00e1 galerie Litomy\u0161l","description":"Die Open-Air-Ausstellung von Jaroslav R\u00f3na in Litomy\u0161l zeigt monumentale Skulpturen, die von Mythen und Geschichte inspiriert sind. Er\u00f6ffnung am 13. Juni um 15:00 Uhr.","robots":{"index":"index","follow":"follow","max-snippet":"max-snippet:-1","max-image-preview":"max-image-preview:large","max-video-preview":"max-video-preview:-1"},"canonical":"https:\/\/www.galerie.litomysl.cz\/de\/event\/jaroslav-rona-stille-und-mythen\/","og_locale":"de_DE","og_type":"article","og_title":"Jaroslav R\u00f3na. Stille und Mythen - M\u011bstsk\u00e1 galerie Litomy\u0161l","og_description":"Die Open-Air-Ausstellung von Jaroslav R\u00f3na in Litomy\u0161l zeigt monumentale Skulpturen, die von Mythen und Geschichte inspiriert sind. Er\u00f6ffnung am 13. Juni um 15:00 Uhr.","og_url":"https:\/\/www.galerie.litomysl.cz\/de\/event\/jaroslav-rona-stille-und-mythen\/","og_site_name":"M\u011bstsk\u00e1 galerie Litomy\u0161l","twitter_card":"summary_large_image","twitter_misc":{"Gesch\u00e4tzte Lesezeit":"1\u00a0Minute"},"schema":{"@context":"https:\/\/schema.org","@graph":[{"@type":"WebPage","@id":"https:\/\/www.galerie.litomysl.cz\/de\/event\/jaroslav-rona-stille-und-mythen\/","url":"https:\/\/www.galerie.litomysl.cz\/de\/event\/jaroslav-rona-stille-und-mythen\/","name":"Jaroslav R\u00f3na. Stille und Mythen - M\u011bstsk\u00e1 galerie Litomy\u0161l","isPartOf":{"@id":"https:\/\/www.galerie.litomysl.cz\/#website"},"datePublished":"2026-04-11T21:02:39+00:00","dateModified":"2026-04-11T21:02:39+00:00","description":"Die Open-Air-Ausstellung von Jaroslav R\u00f3na in Litomy\u0161l zeigt monumentale Skulpturen, die von Mythen und Geschichte inspiriert sind. Er\u00f6ffnung am 13. Juni um 15:00 Uhr.","breadcrumb":{"@id":"https:\/\/www.galerie.litomysl.cz\/de\/event\/jaroslav-rona-stille-und-mythen\/#breadcrumb"},"inLanguage":"de","potentialAction":[{"@type":"ReadAction","target":["https:\/\/www.galerie.litomysl.cz\/de\/event\/jaroslav-rona-stille-und-mythen\/"]}]},{"@type":"BreadcrumbList","@id":"https:\/\/www.galerie.litomysl.cz\/de\/event\/jaroslav-rona-stille-und-mythen\/#breadcrumb","itemListElement":[{"@type":"ListItem","position":1,"name":"Dom\u016f","item":"https:\/\/www.galerie.litomysl.cz\/de\/"},{"@type":"ListItem","position":2,"name":"Akce","item":"https:\/\/www.galerie.litomysl.cz\/events\/"},{"@type":"ListItem","position":3,"name":"Jaroslav R\u00f3na. Stille und Mythen"}]},{"@type":"WebSite","@id":"https:\/\/www.galerie.litomysl.cz\/#website","url":"https:\/\/www.galerie.litomysl.cz\/","name":"M\u011bstsk\u00e1 galerie Litomy\u0161l","description":"","publisher":{"@id":"https:\/\/www.galerie.litomysl.cz\/#organization"},"potentialAction":[{"@type":"SearchAction","target":{"@type":"EntryPoint","urlTemplate":"https:\/\/www.galerie.litomysl.cz\/?s={search_term_string}"},"query-input":"required name=search_term_string"}],"inLanguage":"de"},{"@type":"Organization","@id":"https:\/\/www.galerie.litomysl.cz\/#organization","name":"M\u011bstsk\u00e1 galerie Litomy\u0161l","url":"https:\/\/www.galerie.litomysl.cz\/","logo":{"@type":"ImageObject","inLanguage":"de","@id":"https:\/\/www.galerie.litomysl.cz\/#\/schema\/logo\/image\/","url":"https:\/\/www.galerie.litomysl.cz\/wp-content\/uploads\/MGL-logo-c..svg","contentUrl":"https:\/\/www.galerie.litomysl.cz\/wp-content\/uploads\/MGL-logo-c..svg","width":212,"height":136,"caption":"M\u011bstsk\u00e1 galerie Litomy\u0161l"},"image":{"@id":"https:\/\/www.galerie.litomysl.cz\/#\/schema\/logo\/image\/"}}]}},"_links":{"self":[{"href":"https:\/\/www.galerie.litomysl.cz\/de\/wp-json\/wp\/v2\/tribe_events\/17010"}],"collection":[{"href":"https:\/\/www.galerie.litomysl.cz\/de\/wp-json\/wp\/v2\/tribe_events"}],"about":[{"href":"https:\/\/www.galerie.litomysl.cz\/de\/wp-json\/wp\/v2\/types\/tribe_events"}],"author":[{"embeddable":true,"href":"https:\/\/www.galerie.litomysl.cz\/de\/wp-json\/wp\/v2\/users\/8"}],"replies":[{"embeddable":true,"href":"https:\/\/www.galerie.litomysl.cz\/de\/wp-json\/wp\/v2\/comments?post=17010"}],"version-history":[{"count":0,"href":"https:\/\/www.galerie.litomysl.cz\/de\/wp-json\/wp\/v2\/tribe_events\/17010\/revisions"}],"wp:attachment":[{"href":"https:\/\/www.galerie.litomysl.cz\/de\/wp-json\/wp\/v2\/media?parent=17010"}],"wp:term":[{"taxonomy":"post_tag","embeddable":true,"href":"https:\/\/www.galerie.litomysl.cz\/de\/wp-json\/wp\/v2\/tags?post=17010"},{"taxonomy":"tribe_events_cat","embeddable":true,"href":"https:\/\/www.galerie.litomysl.cz\/de\/wp-json\/wp\/v2\/tribe_events_cat?post=17010"}],"curies":[{"name":"wp","href":"https:\/\/api.w.org\/{rel}","templated":true}]}}

Jaroslav Róna. Stille und Mythen

<p>Die diesjährige Open-Air-Ausstellung des <a href="https://vytvarnalitomysl.cz">Smetana Art Festival Litomyšl</a> ist gewidmet <em><strong>Jaroslav Róna</strong></em>gewidmet, einem Bildhauer, der im tschechischen Kontext kaum vorgestellt werden muss. Denken Sie nur an das Denkmal für Franz Kafka in Prag oder das Reiterstandbild des Markgrafen Jost in Brünn. Die Ausstellung in Litomyšl mit dem Titel <em><strong>Stille und Mythen</strong></em> ist die bisher umfangreichste Ausstellung des Autors im öffentlichen Raum.  </p>
<p>Die Anmut der bildhauerischen Werke von Jaroslav Róna liegt in der Figur, durch die er seine reiche Phantasie anstelle der Realität widerspiegelt, verkörpert in stellvertretenden Symbolen in Form von humanoiden und tierischen Wesen. Die stillen, mythischen Welten von J. Róna erwachen in Monumenten zum Leben, deren Formverformung, die an Totems oder Idole von Naturvölkern erinnert, so organisch ist, dass sie in der urbanen Zivilisation des 21. Jahrhunderts nicht als fremdes Element erscheinen. Im Gegenteil, die stoische Ruhe der majestätischen Statuen unterstreicht die Tatsache, dass die Stadt nicht nur eine Quelle des Stresses ist, sondern auch eine sichere Zone, die eine Kulisse und eine Gelegenheit zur Entspannung bieten kann.   </p>
<p><strong>Die Eröffnung der Ausstellung findet in Form einer Führung am Samstag, den 13. Juni um 15:00 Uhr statt. </strong><br />
<strong>Treffpunkt:</strong> vor der Piaristenkirche zur Auffindung des Heiligen Kreuzes </p>

<p>Eröffnung der Open-Air-Ausstellung.  </p>

<!-- This site is optimized with the Yoast SEO plugin v21.4 - https://yoast.com/wordpress/plugins/seo/ -->
<title>Jaroslav Róna. Stille und Mythen - Městská galerie Litomyšl</title>
<meta name="description" content="Die Open-Air-Ausstellung von Jaroslav Róna in Litomyšl zeigt monumentale Skulpturen, die von Mythen und Geschichte inspiriert sind. Eröffnung am 13. Juni um 15:00 Uhr." />
<meta name="robots" content="index, follow, max-snippet:-1, max-image-preview:large, max-video-preview:-1" />
<link rel="canonical" href="https://www.galerie.litomysl.cz/de/event/jaroslav-rona-stille-und-mythen/" />
<meta property="og:locale" content="de_DE" />
<meta property="og:type" content="article" />
<meta property="og:title" content="Jaroslav Róna. Stille und Mythen - Městská galerie Litomyšl" />
<meta property="og:description" content="Die Open-Air-Ausstellung von Jaroslav Róna in Litomyšl zeigt monumentale Skulpturen, die von Mythen und Geschichte inspiriert sind. Eröffnung am 13. Juni um 15:00 Uhr." />
<meta property="og:url" content="https://www.galerie.litomysl.cz/de/event/jaroslav-rona-stille-und-mythen/" />
<meta property="og:site_name" content="Městská galerie Litomyšl" />
<meta name="twitter:card" content="summary_large_image" />
<meta name="twitter:label1" content="Geschätzte Lesezeit" />
	<meta name="twitter:data1" content="1 Minute" />
<script type="application/ld+json" class="yoast-schema-graph">{"@context":"https://schema.org","@graph":[{"@type":"WebPage","@id":"https://www.galerie.litomysl.cz/de/event/jaroslav-rona-stille-und-mythen/","url":"https://www.galerie.litomysl.cz/de/event/jaroslav-rona-stille-und-mythen/","name":"Jaroslav Róna. Stille und Mythen - Městská galerie Litomyšl","isPartOf":{"@id":"https://www.galerie.litomysl.cz/#website"},"datePublished":"2026-04-11T21:02:39+00:00","dateModified":"2026-04-11T21:02:39+00:00","description":"Die Open-Air-Ausstellung von Jaroslav Róna in Litomyšl zeigt monumentale Skulpturen, die von Mythen und Geschichte inspiriert sind. Eröffnung am 13. Juni um 15:00 Uhr.","breadcrumb":{"@id":"https://www.galerie.litomysl.cz/de/event/jaroslav-rona-stille-und-mythen/#breadcrumb"},"inLanguage":"de","potentialAction":[{"@type":"ReadAction","target":["https://www.galerie.litomysl.cz/de/event/jaroslav-rona-stille-und-mythen/"]}]},{"@type":"BreadcrumbList","@id":"https://www.galerie.litomysl.cz/de/event/jaroslav-rona-stille-und-mythen/#breadcrumb","itemListElement":[{"@type":"ListItem","position":1,"name":"Domů","item":"https://www.galerie.litomysl.cz/de/"},{"@type":"ListItem","position":2,"name":"Akce","item":"https://www.galerie.litomysl.cz/events/"},{"@type":"ListItem","position":3,"name":"Jaroslav Róna. Stille und Mythen"}]},{"@type":"WebSite","@id":"https://www.galerie.litomysl.cz/#website","url":"https://www.galerie.litomysl.cz/","name":"Městská galerie Litomyšl","description":"","publisher":{"@id":"https://www.galerie.litomysl.cz/#organization"},"potentialAction":[{"@type":"SearchAction","target":{"@type":"EntryPoint","urlTemplate":"https://www.galerie.litomysl.cz/?s={search_term_string}"},"query-input":"required name=search_term_string"}],"inLanguage":"de"},{"@type":"Organization","@id":"https://www.galerie.litomysl.cz/#organization","name":"Městská galerie Litomyšl","url":"https://www.galerie.litomysl.cz/","logo":{"@type":"ImageObject","inLanguage":"de","@id":"https://www.galerie.litomysl.cz/#/schema/logo/image/","url":"https://www.galerie.litomysl.cz/wp-content/uploads/MGL-logo-c..svg","contentUrl":"https://www.galerie.litomysl.cz/wp-content/uploads/MGL-logo-c..svg","width":212,"height":136,"caption":"Městská galerie Litomyšl"},"image":{"@id":"https://www.galerie.litomysl.cz/#/schema/logo/image/"}}]}</script>
<!-- / Yoast SEO plugin. -->

Jaroslav Róna. Stille und Mythen - Městská galerie Litomyšl

Die Open-Air-Ausstellung von Jaroslav Róna in Litomyšl zeigt monumentale Skulpturen, die von Mythen und Geschichte inspiriert sind. Eröffnung am 13. Juni um 15:00 Uhr.

Městská galerie Litomyšl

Domů
