{"id":14023,"date":"2025-06-02T11:53:54","date_gmt":"2025-06-02T09:53:54","guid":{"rendered":"https:\/\/www.galerie.litomysl.cz\/event\/kriminacht-2025-olmuetz\/"},"modified":"2025-06-02T11:53:54","modified_gmt":"2025-06-02T09:53:54","slug":"kriminacht-2025-olmuetz","status":"publish","type":"tribe_events","link":"https:\/\/www.galerie.litomysl.cz\/de\/event\/kriminacht-2025-olmuetz\/","title":{"rendered":"KRIMINACHT 2025 Olm\u00fctz"},"content":{"rendered":"<p>Besuchen Sie Olomoucs erste Kriminacht und lernen Sie zeitgen\u00f6ssische Autoren tschechischer Krimis kennen &#8211; Veronika B\u00e1lkov\u00e1, Kate\u0159ina Surmanov\u00e1, Michal S\u00fdkora und Franti\u0161ek \u0160mehl\u00edk.<\/p>\n<p>Veranstaltungsort. Republiky 5 <\/p>\n<p>&nbsp;<\/p>\n<p>18.00 &#8211; Franti\u0161ek \u0160mehl\u00edk (St. Clare Hall &#8211; Ausstellung Geschichten von Feuerwaffen, Erdgeschoss des Museums)<\/p>\n<p>19.30 &#8211; Veronika B\u00e1lkov\u00e1 (Naturkundliche Ausstellung, 2. Stock des Museums)<\/p>\n<p>21.00 &#8211; Michal S\u00fdkora (Ausstellung Olomouc &#8211; f\u00fcnfzehn Jahrhunderte der Stadt, 1. Stock des Museums)<\/p>\n<p>22.30 &#8211; Kate\u0159ina Surmanov\u00e1 (Saal V\u00e1clav III, Erdgeschoss des Museums)<\/p>\n<p>&nbsp;<\/p>\n<p>Der abendliche Lesungszyklus ist als Reise durch die Ausstellungen des Heimatmuseums in Olomouc konzipiert. Die Besucher k\u00f6nnen w\u00e4hlen, ob sie nur eine Lesung oder alle vier besuchen m\u00f6chten. <\/p>\n<p>Der Eintritt zur Veranstaltung ist frei.<\/p>\n","protected":false},"excerpt":{"rendered":"<p>Besuchen Sie Olomoucs erste Kriminacht und lernen Sie zeitgen\u00f6ssische Autoren tschechischer Krimis kennen &#8211; Veronika B\u00e1lkov\u00e1, Kate\u0159ina Surmanov\u00e1, Michal S\u00fdkora und Franti\u0161ek \u0160mehl\u00edk.<\/p>\n","protected":false},"author":8,"featured_media":0,"comment_status":"closed","ping_status":"closed","template":"","meta":{"inline_featured_image":false,"_tribe_events_status":"","_tribe_events_status_reason":"","footnotes":""},"tags":[],"tribe_events_cat":[],"acf":[],"yoast_head":"<!-- This site is optimized with the Yoast SEO plugin v21.4 - https:\/\/yoast.com\/wordpress\/plugins\/seo\/ -->\n<title>KRIMINACHT 2025 Olm\u00fctz - M\u011bstsk\u00e1 galerie Litomy\u0161l<\/title>\n<meta name=\"description\" content=\"Besuchen Sie Olomoucs erste Kriminacht und lernen Sie zeitgen\u00f6ssische Autoren tschechischer Krimis kennen - Veronika B\u00e1lkov\u00e1, Kate\u0159ina Surmanov\u00e1, Michal S\u00fdkora und Franti\u0161ek \u0160mehl\u00edk.\" \/>\n<meta name=\"robots\" content=\"index, follow, max-snippet:-1, max-image-preview:large, max-video-preview:-1\" \/>\n<link rel=\"canonical\" href=\"https:\/\/www.galerie.litomysl.cz\/de\/event\/kriminacht-2025-olmuetz\/\" \/>\n<meta property=\"og:locale\" content=\"de_DE\" \/>\n<meta property=\"og:type\" content=\"article\" \/>\n<meta property=\"og:title\" content=\"KRIMINACHT 2025 Olm\u00fctz - M\u011bstsk\u00e1 galerie Litomy\u0161l\" \/>\n<meta property=\"og:description\" content=\"Besuchen Sie Olomoucs erste Kriminacht und lernen Sie zeitgen\u00f6ssische Autoren tschechischer Krimis kennen - Veronika B\u00e1lkov\u00e1, Kate\u0159ina Surmanov\u00e1, Michal S\u00fdkora und Franti\u0161ek \u0160mehl\u00edk.\" \/>\n<meta property=\"og:url\" content=\"https:\/\/www.galerie.litomysl.cz\/de\/event\/kriminacht-2025-olmuetz\/\" \/>\n<meta property=\"og:site_name\" content=\"M\u011bstsk\u00e1 galerie Litomy\u0161l\" \/>\n<meta name=\"twitter:card\" content=\"summary_large_image\" \/>\n<meta name=\"twitter:label1\" content=\"Gesch\u00e4tzte Lesezeit\" \/>\n\t<meta name=\"twitter:data1\" content=\"1\u00a0Minute\" \/>\n<script type=\"application\/ld+json\" class=\"yoast-schema-graph\">{\"@context\":\"https:\/\/schema.org\",\"@graph\":[{\"@type\":\"WebPage\",\"@id\":\"https:\/\/www.galerie.litomysl.cz\/de\/event\/kriminacht-2025-olmuetz\/\",\"url\":\"https:\/\/www.galerie.litomysl.cz\/de\/event\/kriminacht-2025-olmuetz\/\",\"name\":\"KRIMINACHT 2025 Olm\u00fctz - M\u011bstsk\u00e1 galerie Litomy\u0161l\",\"isPartOf\":{\"@id\":\"https:\/\/www.galerie.litomysl.cz\/#website\"},\"datePublished\":\"2025-06-02T09:53:54+00:00\",\"dateModified\":\"2025-06-02T09:53:54+00:00\",\"description\":\"Besuchen Sie Olomoucs erste Kriminacht und lernen Sie zeitgen\u00f6ssische Autoren tschechischer Krimis kennen - Veronika B\u00e1lkov\u00e1, Kate\u0159ina Surmanov\u00e1, Michal S\u00fdkora und Franti\u0161ek \u0160mehl\u00edk.\",\"breadcrumb\":{\"@id\":\"https:\/\/www.galerie.litomysl.cz\/de\/event\/kriminacht-2025-olmuetz\/#breadcrumb\"},\"inLanguage\":\"de\",\"potentialAction\":[{\"@type\":\"ReadAction\",\"target\":[\"https:\/\/www.galerie.litomysl.cz\/de\/event\/kriminacht-2025-olmuetz\/\"]}]},{\"@type\":\"BreadcrumbList\",\"@id\":\"https:\/\/www.galerie.litomysl.cz\/de\/event\/kriminacht-2025-olmuetz\/#breadcrumb\",\"itemListElement\":[{\"@type\":\"ListItem\",\"position\":1,\"name\":\"Dom\u016f\",\"item\":\"https:\/\/www.galerie.litomysl.cz\/de\/\"},{\"@type\":\"ListItem\",\"position\":2,\"name\":\"Akce\",\"item\":\"https:\/\/www.galerie.litomysl.cz\/events\/\"},{\"@type\":\"ListItem\",\"position\":3,\"name\":\"KRIMINACHT 2025 Olm\u00fctz\"}]},{\"@type\":\"WebSite\",\"@id\":\"https:\/\/www.galerie.litomysl.cz\/#website\",\"url\":\"https:\/\/www.galerie.litomysl.cz\/\",\"name\":\"M\u011bstsk\u00e1 galerie Litomy\u0161l\",\"description\":\"\",\"publisher\":{\"@id\":\"https:\/\/www.galerie.litomysl.cz\/#organization\"},\"potentialAction\":[{\"@type\":\"SearchAction\",\"target\":{\"@type\":\"EntryPoint\",\"urlTemplate\":\"https:\/\/www.galerie.litomysl.cz\/?s={search_term_string}\"},\"query-input\":\"required name=search_term_string\"}],\"inLanguage\":\"de\"},{\"@type\":\"Organization\",\"@id\":\"https:\/\/www.galerie.litomysl.cz\/#organization\",\"name\":\"M\u011bstsk\u00e1 galerie Litomy\u0161l\",\"url\":\"https:\/\/www.galerie.litomysl.cz\/\",\"logo\":{\"@type\":\"ImageObject\",\"inLanguage\":\"de\",\"@id\":\"https:\/\/www.galerie.litomysl.cz\/#\/schema\/logo\/image\/\",\"url\":\"https:\/\/www.galerie.litomysl.cz\/wp-content\/uploads\/MGL-logo-c..svg\",\"contentUrl\":\"https:\/\/www.galerie.litomysl.cz\/wp-content\/uploads\/MGL-logo-c..svg\",\"width\":212,\"height\":136,\"caption\":\"M\u011bstsk\u00e1 galerie Litomy\u0161l\"},\"image\":{\"@id\":\"https:\/\/www.galerie.litomysl.cz\/#\/schema\/logo\/image\/\"}}]}<\/script>\n<!-- \/ Yoast SEO plugin. -->","yoast_head_json":{"title":"KRIMINACHT 2025 Olm\u00fctz - M\u011bstsk\u00e1 galerie Litomy\u0161l","description":"Besuchen Sie Olomoucs erste Kriminacht und lernen Sie zeitgen\u00f6ssische Autoren tschechischer Krimis kennen - Veronika B\u00e1lkov\u00e1, Kate\u0159ina Surmanov\u00e1, Michal S\u00fdkora und Franti\u0161ek \u0160mehl\u00edk.","robots":{"index":"index","follow":"follow","max-snippet":"max-snippet:-1","max-image-preview":"max-image-preview:large","max-video-preview":"max-video-preview:-1"},"canonical":"https:\/\/www.galerie.litomysl.cz\/de\/event\/kriminacht-2025-olmuetz\/","og_locale":"de_DE","og_type":"article","og_title":"KRIMINACHT 2025 Olm\u00fctz - M\u011bstsk\u00e1 galerie Litomy\u0161l","og_description":"Besuchen Sie Olomoucs erste Kriminacht und lernen Sie zeitgen\u00f6ssische Autoren tschechischer Krimis kennen - Veronika B\u00e1lkov\u00e1, Kate\u0159ina Surmanov\u00e1, Michal S\u00fdkora und Franti\u0161ek \u0160mehl\u00edk.","og_url":"https:\/\/www.galerie.litomysl.cz\/de\/event\/kriminacht-2025-olmuetz\/","og_site_name":"M\u011bstsk\u00e1 galerie Litomy\u0161l","twitter_card":"summary_large_image","twitter_misc":{"Gesch\u00e4tzte Lesezeit":"1\u00a0Minute"},"schema":{"@context":"https:\/\/schema.org","@graph":[{"@type":"WebPage","@id":"https:\/\/www.galerie.litomysl.cz\/de\/event\/kriminacht-2025-olmuetz\/","url":"https:\/\/www.galerie.litomysl.cz\/de\/event\/kriminacht-2025-olmuetz\/","name":"KRIMINACHT 2025 Olm\u00fctz - M\u011bstsk\u00e1 galerie Litomy\u0161l","isPartOf":{"@id":"https:\/\/www.galerie.litomysl.cz\/#website"},"datePublished":"2025-06-02T09:53:54+00:00","dateModified":"2025-06-02T09:53:54+00:00","description":"Besuchen Sie Olomoucs erste Kriminacht und lernen Sie zeitgen\u00f6ssische Autoren tschechischer Krimis kennen - Veronika B\u00e1lkov\u00e1, Kate\u0159ina Surmanov\u00e1, Michal S\u00fdkora und Franti\u0161ek \u0160mehl\u00edk.","breadcrumb":{"@id":"https:\/\/www.galerie.litomysl.cz\/de\/event\/kriminacht-2025-olmuetz\/#breadcrumb"},"inLanguage":"de","potentialAction":[{"@type":"ReadAction","target":["https:\/\/www.galerie.litomysl.cz\/de\/event\/kriminacht-2025-olmuetz\/"]}]},{"@type":"BreadcrumbList","@id":"https:\/\/www.galerie.litomysl.cz\/de\/event\/kriminacht-2025-olmuetz\/#breadcrumb","itemListElement":[{"@type":"ListItem","position":1,"name":"Dom\u016f","item":"https:\/\/www.galerie.litomysl.cz\/de\/"},{"@type":"ListItem","position":2,"name":"Akce","item":"https:\/\/www.galerie.litomysl.cz\/events\/"},{"@type":"ListItem","position":3,"name":"KRIMINACHT 2025 Olm\u00fctz"}]},{"@type":"WebSite","@id":"https:\/\/www.galerie.litomysl.cz\/#website","url":"https:\/\/www.galerie.litomysl.cz\/","name":"M\u011bstsk\u00e1 galerie Litomy\u0161l","description":"","publisher":{"@id":"https:\/\/www.galerie.litomysl.cz\/#organization"},"potentialAction":[{"@type":"SearchAction","target":{"@type":"EntryPoint","urlTemplate":"https:\/\/www.galerie.litomysl.cz\/?s={search_term_string}"},"query-input":"required name=search_term_string"}],"inLanguage":"de"},{"@type":"Organization","@id":"https:\/\/www.galerie.litomysl.cz\/#organization","name":"M\u011bstsk\u00e1 galerie Litomy\u0161l","url":"https:\/\/www.galerie.litomysl.cz\/","logo":{"@type":"ImageObject","inLanguage":"de","@id":"https:\/\/www.galerie.litomysl.cz\/#\/schema\/logo\/image\/","url":"https:\/\/www.galerie.litomysl.cz\/wp-content\/uploads\/MGL-logo-c..svg","contentUrl":"https:\/\/www.galerie.litomysl.cz\/wp-content\/uploads\/MGL-logo-c..svg","width":212,"height":136,"caption":"M\u011bstsk\u00e1 galerie Litomy\u0161l"},"image":{"@id":"https:\/\/www.galerie.litomysl.cz\/#\/schema\/logo\/image\/"}}]}},"_links":{"self":[{"href":"https:\/\/www.galerie.litomysl.cz\/de\/wp-json\/wp\/v2\/tribe_events\/14023"}],"collection":[{"href":"https:\/\/www.galerie.litomysl.cz\/de\/wp-json\/wp\/v2\/tribe_events"}],"about":[{"href":"https:\/\/www.galerie.litomysl.cz\/de\/wp-json\/wp\/v2\/types\/tribe_events"}],"author":[{"embeddable":true,"href":"https:\/\/www.galerie.litomysl.cz\/de\/wp-json\/wp\/v2\/users\/8"}],"replies":[{"embeddable":true,"href":"https:\/\/www.galerie.litomysl.cz\/de\/wp-json\/wp\/v2\/comments?post=14023"}],"version-history":[{"count":0,"href":"https:\/\/www.galerie.litomysl.cz\/de\/wp-json\/wp\/v2\/tribe_events\/14023\/revisions"}],"wp:attachment":[{"href":"https:\/\/www.galerie.litomysl.cz\/de\/wp-json\/wp\/v2\/media?parent=14023"}],"wp:term":[{"taxonomy":"post_tag","embeddable":true,"href":"https:\/\/www.galerie.litomysl.cz\/de\/wp-json\/wp\/v2\/tags?post=14023"},{"taxonomy":"tribe_events_cat","embeddable":true,"href":"https:\/\/www.galerie.litomysl.cz\/de\/wp-json\/wp\/v2\/tribe_events_cat?post=14023"}],"curies":[{"name":"wp","href":"https:\/\/api.w.org\/{rel}","templated":true}]}}

KRIMINACHT 2025 Olmütz

<p>Besuchen Sie Olomoucs erste Kriminacht und lernen Sie zeitgenössische Autoren tschechischer Krimis kennen &#8211; Veronika Bálková, Kateřina Surmanová, Michal Sýkora und František Šmehlík.</p>
<p>Veranstaltungsort. Republiky 5 </p>
<p>&nbsp;</p>
<p>18.00 &#8211; František Šmehlík (St. Clare Hall &#8211; Ausstellung Geschichten von Feuerwaffen, Erdgeschoss des Museums)</p>
<p>19.30 &#8211; Veronika Bálková (Naturkundliche Ausstellung, 2. Stock des Museums)</p>
<p>21.00 &#8211; Michal Sýkora (Ausstellung Olomouc &#8211; fünfzehn Jahrhunderte der Stadt, 1. Stock des Museums)</p>
<p>22.30 &#8211; Kateřina Surmanová (Saal Václav III, Erdgeschoss des Museums)</p>
<p>&nbsp;</p>
<p>Der abendliche Lesungszyklus ist als Reise durch die Ausstellungen des Heimatmuseums in Olomouc konzipiert. Die Besucher können wählen, ob sie nur eine Lesung oder alle vier besuchen möchten. </p>
<p>Der Eintritt zur Veranstaltung ist frei.</p>

<p>Besuchen Sie Olomoucs erste Kriminacht und lernen Sie zeitgenössische Autoren tschechischer Krimis kennen &#8211; Veronika Bálková, Kateřina Surmanová, Michal Sýkora und František Šmehlík.</p>

<!-- This site is optimized with the Yoast SEO plugin v21.4 - https://yoast.com/wordpress/plugins/seo/ -->
<title>KRIMINACHT 2025 Olmütz - Městská galerie Litomyšl</title>
<meta name="description" content="Besuchen Sie Olomoucs erste Kriminacht und lernen Sie zeitgenössische Autoren tschechischer Krimis kennen - Veronika Bálková, Kateřina Surmanová, Michal Sýkora und František Šmehlík." />
<meta name="robots" content="index, follow, max-snippet:-1, max-image-preview:large, max-video-preview:-1" />
<link rel="canonical" href="https://www.galerie.litomysl.cz/de/event/kriminacht-2025-olmuetz/" />
<meta property="og:locale" content="de_DE" />
<meta property="og:type" content="article" />
<meta property="og:title" content="KRIMINACHT 2025 Olmütz - Městská galerie Litomyšl" />
<meta property="og:description" content="Besuchen Sie Olomoucs erste Kriminacht und lernen Sie zeitgenössische Autoren tschechischer Krimis kennen - Veronika Bálková, Kateřina Surmanová, Michal Sýkora und František Šmehlík." />
<meta property="og:url" content="https://www.galerie.litomysl.cz/de/event/kriminacht-2025-olmuetz/" />
<meta property="og:site_name" content="Městská galerie Litomyšl" />
<meta name="twitter:card" content="summary_large_image" />
<meta name="twitter:label1" content="Geschätzte Lesezeit" />
	<meta name="twitter:data1" content="1 Minute" />
<script type="application/ld+json" class="yoast-schema-graph">{"@context":"https://schema.org","@graph":[{"@type":"WebPage","@id":"https://www.galerie.litomysl.cz/de/event/kriminacht-2025-olmuetz/","url":"https://www.galerie.litomysl.cz/de/event/kriminacht-2025-olmuetz/","name":"KRIMINACHT 2025 Olmütz - Městská galerie Litomyšl","isPartOf":{"@id":"https://www.galerie.litomysl.cz/#website"},"datePublished":"2025-06-02T09:53:54+00:00","dateModified":"2025-06-02T09:53:54+00:00","description":"Besuchen Sie Olomoucs erste Kriminacht und lernen Sie zeitgenössische Autoren tschechischer Krimis kennen - Veronika Bálková, Kateřina Surmanová, Michal Sýkora und František Šmehlík.","breadcrumb":{"@id":"https://www.galerie.litomysl.cz/de/event/kriminacht-2025-olmuetz/#breadcrumb"},"inLanguage":"de","potentialAction":[{"@type":"ReadAction","target":["https://www.galerie.litomysl.cz/de/event/kriminacht-2025-olmuetz/"]}]},{"@type":"BreadcrumbList","@id":"https://www.galerie.litomysl.cz/de/event/kriminacht-2025-olmuetz/#breadcrumb","itemListElement":[{"@type":"ListItem","position":1,"name":"Domů","item":"https://www.galerie.litomysl.cz/de/"},{"@type":"ListItem","position":2,"name":"Akce","item":"https://www.galerie.litomysl.cz/events/"},{"@type":"ListItem","position":3,"name":"KRIMINACHT 2025 Olmütz"}]},{"@type":"WebSite","@id":"https://www.galerie.litomysl.cz/#website","url":"https://www.galerie.litomysl.cz/","name":"Městská galerie Litomyšl","description":"","publisher":{"@id":"https://www.galerie.litomysl.cz/#organization"},"potentialAction":[{"@type":"SearchAction","target":{"@type":"EntryPoint","urlTemplate":"https://www.galerie.litomysl.cz/?s={search_term_string}"},"query-input":"required name=search_term_string"}],"inLanguage":"de"},{"@type":"Organization","@id":"https://www.galerie.litomysl.cz/#organization","name":"Městská galerie Litomyšl","url":"https://www.galerie.litomysl.cz/","logo":{"@type":"ImageObject","inLanguage":"de","@id":"https://www.galerie.litomysl.cz/#/schema/logo/image/","url":"https://www.galerie.litomysl.cz/wp-content/uploads/MGL-logo-c..svg","contentUrl":"https://www.galerie.litomysl.cz/wp-content/uploads/MGL-logo-c..svg","width":212,"height":136,"caption":"Městská galerie Litomyšl"},"image":{"@id":"https://www.galerie.litomysl.cz/#/schema/logo/image/"}}]}</script>
<!-- / Yoast SEO plugin. -->

KRIMINACHT 2025 Olmütz - Městská galerie Litomyšl

Besuchen Sie Olomoucs erste Kriminacht und lernen Sie zeitgenössische Autoren tschechischer Krimis kennen - Veronika Bálková, Kateřina Surmanová, Michal Sýkora und František Šmehlík.

Městská galerie Litomyšl

Domů
