{"id":13808,"date":"2025-05-02T09:45:54","date_gmt":"2025-05-02T07:45:54","guid":{"rendered":"https:\/\/www.galerie.litomysl.cz\/event\/mestska-obrazarna-opet-v-novem\/"},"modified":"2025-06-02T11:45:37","modified_gmt":"2025-06-02T09:45:37","slug":"mestska-obrazarna-opet-v-novem","status":"publish","type":"tribe_events","link":"https:\/\/www.galerie.litomysl.cz\/de\/event\/mestska-obrazarna-opet-v-novem\/","title":{"rendered":"St\u00e4dtische Gem\u00e4ldegalerie wieder in einem neuen Geb\u00e4ude"},"content":{"rendered":"<p>Feiern Sie mit uns die Er\u00f6ffnung der neuen Ausstellungssaison in der St\u00e4dtischen Gem\u00e4ldegalerie. Drei Projekte erwarten Sie hier &#8211; die Ausstellung <a href=\"https:\/\/vytvarnalitomysl.cz\/udalosti_vl\/nepatrne-souvislosti\/\">&#8220;Subtile Verbindungen&#8221;<\/a>, die Ausstellung<a href=\"https:\/\/vytvarnalitomysl.cz\/udalosti_vl\/revers\/\"> &#8220;Revers&#8221;<\/a> und die Schau <a href=\"https:\/\/vytvarnalitomysl.cz\/udalosti_vl\/nejkrasnejsi-ceske-knihy-roku-2\/\">&#8220;Die sch\u00f6nsten tschechischen B\u00fccher des Jahres&#8221;<\/a>. <\/p>\n","protected":false},"excerpt":{"rendered":"<p>Feiern Sie mit uns die Er\u00f6ffnung der neuen Saison in der St\u00e4dtischen Gem\u00e4ldegalerie.<\/p>\n","protected":false},"author":8,"featured_media":0,"comment_status":"closed","ping_status":"closed","template":"","meta":{"inline_featured_image":false,"_tribe_events_status":"","_tribe_events_status_reason":"","footnotes":""},"tags":[],"tribe_events_cat":[103],"acf":[],"yoast_head":"<!-- This site is optimized with the Yoast SEO plugin v21.4 - https:\/\/yoast.com\/wordpress\/plugins\/seo\/ -->\n<title>St\u00e4dtische Gem\u00e4ldegalerie wieder in einem neuen Geb\u00e4ude - M\u011bstsk\u00e1 galerie Litomy\u0161l<\/title>\n<meta name=\"description\" content=\"Feiern Sie mit uns die Er\u00f6ffnung der neuen Saison in der St\u00e4dtischen Gem\u00e4ldegalerie.\" \/>\n<meta name=\"robots\" content=\"index, follow, max-snippet:-1, max-image-preview:large, max-video-preview:-1\" \/>\n<link rel=\"canonical\" href=\"https:\/\/www.galerie.litomysl.cz\/de\/event\/mestska-obrazarna-opet-v-novem\/\" \/>\n<meta property=\"og:locale\" content=\"de_DE\" \/>\n<meta property=\"og:type\" content=\"article\" \/>\n<meta property=\"og:title\" content=\"St\u00e4dtische Gem\u00e4ldegalerie wieder in einem neuen Geb\u00e4ude - M\u011bstsk\u00e1 galerie Litomy\u0161l\" \/>\n<meta property=\"og:description\" content=\"Feiern Sie mit uns die Er\u00f6ffnung der neuen Saison in der St\u00e4dtischen Gem\u00e4ldegalerie.\" \/>\n<meta property=\"og:url\" content=\"https:\/\/www.galerie.litomysl.cz\/de\/event\/mestska-obrazarna-opet-v-novem\/\" \/>\n<meta property=\"og:site_name\" content=\"M\u011bstsk\u00e1 galerie Litomy\u0161l\" \/>\n<meta property=\"article:modified_time\" content=\"2025-06-02T09:45:37+00:00\" \/>\n<meta name=\"twitter:card\" content=\"summary_large_image\" \/>\n<script type=\"application\/ld+json\" class=\"yoast-schema-graph\">{\"@context\":\"https:\/\/schema.org\",\"@graph\":[{\"@type\":\"WebPage\",\"@id\":\"https:\/\/www.galerie.litomysl.cz\/de\/event\/mestska-obrazarna-opet-v-novem\/\",\"url\":\"https:\/\/www.galerie.litomysl.cz\/de\/event\/mestska-obrazarna-opet-v-novem\/\",\"name\":\"St\u00e4dtische Gem\u00e4ldegalerie wieder in einem neuen Geb\u00e4ude - M\u011bstsk\u00e1 galerie Litomy\u0161l\",\"isPartOf\":{\"@id\":\"https:\/\/www.galerie.litomysl.cz\/#website\"},\"datePublished\":\"2025-05-02T07:45:54+00:00\",\"dateModified\":\"2025-06-02T09:45:37+00:00\",\"description\":\"Feiern Sie mit uns die Er\u00f6ffnung der neuen Saison in der St\u00e4dtischen Gem\u00e4ldegalerie.\",\"breadcrumb\":{\"@id\":\"https:\/\/www.galerie.litomysl.cz\/de\/event\/mestska-obrazarna-opet-v-novem\/#breadcrumb\"},\"inLanguage\":\"de\",\"potentialAction\":[{\"@type\":\"ReadAction\",\"target\":[\"https:\/\/www.galerie.litomysl.cz\/de\/event\/mestska-obrazarna-opet-v-novem\/\"]}]},{\"@type\":\"BreadcrumbList\",\"@id\":\"https:\/\/www.galerie.litomysl.cz\/de\/event\/mestska-obrazarna-opet-v-novem\/#breadcrumb\",\"itemListElement\":[{\"@type\":\"ListItem\",\"position\":1,\"name\":\"Dom\u016f\",\"item\":\"https:\/\/www.galerie.litomysl.cz\/de\/\"},{\"@type\":\"ListItem\",\"position\":2,\"name\":\"Akce\",\"item\":\"https:\/\/www.galerie.litomysl.cz\/events\/\"},{\"@type\":\"ListItem\",\"position\":3,\"name\":\"St\u00e4dtische Gem\u00e4ldegalerie wieder in einem neuen Geb\u00e4ude\"}]},{\"@type\":\"WebSite\",\"@id\":\"https:\/\/www.galerie.litomysl.cz\/#website\",\"url\":\"https:\/\/www.galerie.litomysl.cz\/\",\"name\":\"M\u011bstsk\u00e1 galerie Litomy\u0161l\",\"description\":\"\",\"publisher\":{\"@id\":\"https:\/\/www.galerie.litomysl.cz\/#organization\"},\"potentialAction\":[{\"@type\":\"SearchAction\",\"target\":{\"@type\":\"EntryPoint\",\"urlTemplate\":\"https:\/\/www.galerie.litomysl.cz\/?s={search_term_string}\"},\"query-input\":\"required name=search_term_string\"}],\"inLanguage\":\"de\"},{\"@type\":\"Organization\",\"@id\":\"https:\/\/www.galerie.litomysl.cz\/#organization\",\"name\":\"M\u011bstsk\u00e1 galerie Litomy\u0161l\",\"url\":\"https:\/\/www.galerie.litomysl.cz\/\",\"logo\":{\"@type\":\"ImageObject\",\"inLanguage\":\"de\",\"@id\":\"https:\/\/www.galerie.litomysl.cz\/#\/schema\/logo\/image\/\",\"url\":\"https:\/\/www.galerie.litomysl.cz\/wp-content\/uploads\/MGL-logo-c..svg\",\"contentUrl\":\"https:\/\/www.galerie.litomysl.cz\/wp-content\/uploads\/MGL-logo-c..svg\",\"width\":212,\"height\":136,\"caption\":\"M\u011bstsk\u00e1 galerie Litomy\u0161l\"},\"image\":{\"@id\":\"https:\/\/www.galerie.litomysl.cz\/#\/schema\/logo\/image\/\"}}]}<\/script>\n<!-- \/ Yoast SEO plugin. -->","yoast_head_json":{"title":"St\u00e4dtische Gem\u00e4ldegalerie wieder in einem neuen Geb\u00e4ude - M\u011bstsk\u00e1 galerie Litomy\u0161l","description":"Feiern Sie mit uns die Er\u00f6ffnung der neuen Saison in der St\u00e4dtischen Gem\u00e4ldegalerie.","robots":{"index":"index","follow":"follow","max-snippet":"max-snippet:-1","max-image-preview":"max-image-preview:large","max-video-preview":"max-video-preview:-1"},"canonical":"https:\/\/www.galerie.litomysl.cz\/de\/event\/mestska-obrazarna-opet-v-novem\/","og_locale":"de_DE","og_type":"article","og_title":"St\u00e4dtische Gem\u00e4ldegalerie wieder in einem neuen Geb\u00e4ude - M\u011bstsk\u00e1 galerie Litomy\u0161l","og_description":"Feiern Sie mit uns die Er\u00f6ffnung der neuen Saison in der St\u00e4dtischen Gem\u00e4ldegalerie.","og_url":"https:\/\/www.galerie.litomysl.cz\/de\/event\/mestska-obrazarna-opet-v-novem\/","og_site_name":"M\u011bstsk\u00e1 galerie Litomy\u0161l","article_modified_time":"2025-06-02T09:45:37+00:00","twitter_card":"summary_large_image","schema":{"@context":"https:\/\/schema.org","@graph":[{"@type":"WebPage","@id":"https:\/\/www.galerie.litomysl.cz\/de\/event\/mestska-obrazarna-opet-v-novem\/","url":"https:\/\/www.galerie.litomysl.cz\/de\/event\/mestska-obrazarna-opet-v-novem\/","name":"St\u00e4dtische Gem\u00e4ldegalerie wieder in einem neuen Geb\u00e4ude - M\u011bstsk\u00e1 galerie Litomy\u0161l","isPartOf":{"@id":"https:\/\/www.galerie.litomysl.cz\/#website"},"datePublished":"2025-05-02T07:45:54+00:00","dateModified":"2025-06-02T09:45:37+00:00","description":"Feiern Sie mit uns die Er\u00f6ffnung der neuen Saison in der St\u00e4dtischen Gem\u00e4ldegalerie.","breadcrumb":{"@id":"https:\/\/www.galerie.litomysl.cz\/de\/event\/mestska-obrazarna-opet-v-novem\/#breadcrumb"},"inLanguage":"de","potentialAction":[{"@type":"ReadAction","target":["https:\/\/www.galerie.litomysl.cz\/de\/event\/mestska-obrazarna-opet-v-novem\/"]}]},{"@type":"BreadcrumbList","@id":"https:\/\/www.galerie.litomysl.cz\/de\/event\/mestska-obrazarna-opet-v-novem\/#breadcrumb","itemListElement":[{"@type":"ListItem","position":1,"name":"Dom\u016f","item":"https:\/\/www.galerie.litomysl.cz\/de\/"},{"@type":"ListItem","position":2,"name":"Akce","item":"https:\/\/www.galerie.litomysl.cz\/events\/"},{"@type":"ListItem","position":3,"name":"St\u00e4dtische Gem\u00e4ldegalerie wieder in einem neuen Geb\u00e4ude"}]},{"@type":"WebSite","@id":"https:\/\/www.galerie.litomysl.cz\/#website","url":"https:\/\/www.galerie.litomysl.cz\/","name":"M\u011bstsk\u00e1 galerie Litomy\u0161l","description":"","publisher":{"@id":"https:\/\/www.galerie.litomysl.cz\/#organization"},"potentialAction":[{"@type":"SearchAction","target":{"@type":"EntryPoint","urlTemplate":"https:\/\/www.galerie.litomysl.cz\/?s={search_term_string}"},"query-input":"required name=search_term_string"}],"inLanguage":"de"},{"@type":"Organization","@id":"https:\/\/www.galerie.litomysl.cz\/#organization","name":"M\u011bstsk\u00e1 galerie Litomy\u0161l","url":"https:\/\/www.galerie.litomysl.cz\/","logo":{"@type":"ImageObject","inLanguage":"de","@id":"https:\/\/www.galerie.litomysl.cz\/#\/schema\/logo\/image\/","url":"https:\/\/www.galerie.litomysl.cz\/wp-content\/uploads\/MGL-logo-c..svg","contentUrl":"https:\/\/www.galerie.litomysl.cz\/wp-content\/uploads\/MGL-logo-c..svg","width":212,"height":136,"caption":"M\u011bstsk\u00e1 galerie Litomy\u0161l"},"image":{"@id":"https:\/\/www.galerie.litomysl.cz\/#\/schema\/logo\/image\/"}}]}},"_links":{"self":[{"href":"https:\/\/www.galerie.litomysl.cz\/de\/wp-json\/wp\/v2\/tribe_events\/13808"}],"collection":[{"href":"https:\/\/www.galerie.litomysl.cz\/de\/wp-json\/wp\/v2\/tribe_events"}],"about":[{"href":"https:\/\/www.galerie.litomysl.cz\/de\/wp-json\/wp\/v2\/types\/tribe_events"}],"author":[{"embeddable":true,"href":"https:\/\/www.galerie.litomysl.cz\/de\/wp-json\/wp\/v2\/users\/8"}],"replies":[{"embeddable":true,"href":"https:\/\/www.galerie.litomysl.cz\/de\/wp-json\/wp\/v2\/comments?post=13808"}],"version-history":[{"count":2,"href":"https:\/\/www.galerie.litomysl.cz\/de\/wp-json\/wp\/v2\/tribe_events\/13808\/revisions"}],"predecessor-version":[{"id":14019,"href":"https:\/\/www.galerie.litomysl.cz\/de\/wp-json\/wp\/v2\/tribe_events\/13808\/revisions\/14019"}],"wp:attachment":[{"href":"https:\/\/www.galerie.litomysl.cz\/de\/wp-json\/wp\/v2\/media?parent=13808"}],"wp:term":[{"taxonomy":"post_tag","embeddable":true,"href":"https:\/\/www.galerie.litomysl.cz\/de\/wp-json\/wp\/v2\/tags?post=13808"},{"taxonomy":"tribe_events_cat","embeddable":true,"href":"https:\/\/www.galerie.litomysl.cz\/de\/wp-json\/wp\/v2\/tribe_events_cat?post=13808"}],"curies":[{"name":"wp","href":"https:\/\/api.w.org\/{rel}","templated":true}]}}

Städtische Gemäldegalerie wieder in einem neuen Gebäude

<p>Feiern Sie mit uns die Eröffnung der neuen Ausstellungssaison in der Städtischen Gemäldegalerie. Drei Projekte erwarten Sie hier &#8211; die Ausstellung <a href="https://vytvarnalitomysl.cz/udalosti_vl/nepatrne-souvislosti/">&#8220;Subtile Verbindungen&#8221;</a>, die Ausstellung<a href="https://vytvarnalitomysl.cz/udalosti_vl/revers/"> &#8220;Revers&#8221;</a> und die Schau <a href="https://vytvarnalitomysl.cz/udalosti_vl/nejkrasnejsi-ceske-knihy-roku-2/">&#8220;Die schönsten tschechischen Bücher des Jahres&#8221;</a>. </p>

<p>Feiern Sie mit uns die Eröffnung der neuen Saison in der Städtischen Gemäldegalerie.</p>

<!-- This site is optimized with the Yoast SEO plugin v21.4 - https://yoast.com/wordpress/plugins/seo/ -->
<title>Städtische Gemäldegalerie wieder in einem neuen Gebäude - Městská galerie Litomyšl</title>
<meta name="description" content="Feiern Sie mit uns die Eröffnung der neuen Saison in der Städtischen Gemäldegalerie." />
<meta name="robots" content="index, follow, max-snippet:-1, max-image-preview:large, max-video-preview:-1" />
<link rel="canonical" href="https://www.galerie.litomysl.cz/de/event/mestska-obrazarna-opet-v-novem/" />
<meta property="og:locale" content="de_DE" />
<meta property="og:type" content="article" />
<meta property="og:title" content="Städtische Gemäldegalerie wieder in einem neuen Gebäude - Městská galerie Litomyšl" />
<meta property="og:description" content="Feiern Sie mit uns die Eröffnung der neuen Saison in der Städtischen Gemäldegalerie." />
<meta property="og:url" content="https://www.galerie.litomysl.cz/de/event/mestska-obrazarna-opet-v-novem/" />
<meta property="og:site_name" content="Městská galerie Litomyšl" />
<meta property="article:modified_time" content="2025-06-02T09:45:37+00:00" />
<meta name="twitter:card" content="summary_large_image" />
<script type="application/ld+json" class="yoast-schema-graph">{"@context":"https://schema.org","@graph":[{"@type":"WebPage","@id":"https://www.galerie.litomysl.cz/de/event/mestska-obrazarna-opet-v-novem/","url":"https://www.galerie.litomysl.cz/de/event/mestska-obrazarna-opet-v-novem/","name":"Städtische Gemäldegalerie wieder in einem neuen Gebäude - Městská galerie Litomyšl","isPartOf":{"@id":"https://www.galerie.litomysl.cz/#website"},"datePublished":"2025-05-02T07:45:54+00:00","dateModified":"2025-06-02T09:45:37+00:00","description":"Feiern Sie mit uns die Eröffnung der neuen Saison in der Städtischen Gemäldegalerie.","breadcrumb":{"@id":"https://www.galerie.litomysl.cz/de/event/mestska-obrazarna-opet-v-novem/#breadcrumb"},"inLanguage":"de","potentialAction":[{"@type":"ReadAction","target":["https://www.galerie.litomysl.cz/de/event/mestska-obrazarna-opet-v-novem/"]}]},{"@type":"BreadcrumbList","@id":"https://www.galerie.litomysl.cz/de/event/mestska-obrazarna-opet-v-novem/#breadcrumb","itemListElement":[{"@type":"ListItem","position":1,"name":"Domů","item":"https://www.galerie.litomysl.cz/de/"},{"@type":"ListItem","position":2,"name":"Akce","item":"https://www.galerie.litomysl.cz/events/"},{"@type":"ListItem","position":3,"name":"Städtische Gemäldegalerie wieder in einem neuen Gebäude"}]},{"@type":"WebSite","@id":"https://www.galerie.litomysl.cz/#website","url":"https://www.galerie.litomysl.cz/","name":"Městská galerie Litomyšl","description":"","publisher":{"@id":"https://www.galerie.litomysl.cz/#organization"},"potentialAction":[{"@type":"SearchAction","target":{"@type":"EntryPoint","urlTemplate":"https://www.galerie.litomysl.cz/?s={search_term_string}"},"query-input":"required name=search_term_string"}],"inLanguage":"de"},{"@type":"Organization","@id":"https://www.galerie.litomysl.cz/#organization","name":"Městská galerie Litomyšl","url":"https://www.galerie.litomysl.cz/","logo":{"@type":"ImageObject","inLanguage":"de","@id":"https://www.galerie.litomysl.cz/#/schema/logo/image/","url":"https://www.galerie.litomysl.cz/wp-content/uploads/MGL-logo-c..svg","contentUrl":"https://www.galerie.litomysl.cz/wp-content/uploads/MGL-logo-c..svg","width":212,"height":136,"caption":"Městská galerie Litomyšl"},"image":{"@id":"https://www.galerie.litomysl.cz/#/schema/logo/image/"}}]}</script>
<!-- / Yoast SEO plugin. -->

Städtische Gemäldegalerie wieder in einem neuen Gebäude - Městská galerie Litomyšl

Feiern Sie mit uns die Eröffnung der neuen Saison in der Städtischen Gemäldegalerie.

Městská galerie Litomyšl

Domů
