{"id":13275,"date":"2025-01-12T00:04:40","date_gmt":"2025-01-11T23:04:40","guid":{"rendered":"https:\/\/www.galerie.litomysl.cz\/event\/treffen-mit-der-schriftstellerin-radka-denemarkova\/"},"modified":"2025-01-12T00:04:40","modified_gmt":"2025-01-11T23:04:40","slug":"treffen-mit-der-schriftstellerin-radka-denemarkova","status":"publish","type":"tribe_events","link":"https:\/\/www.galerie.litomysl.cz\/de\/event\/treffen-mit-der-schriftstellerin-radka-denemarkova\/","title":{"rendered":"Treffen mit der Schriftstellerin Radka Denemarkov\u00e1"},"content":{"rendered":"<p>Autorenlesung der Schriftstellerin Radka Denemarkov\u00e1, die mit der <a href=\"https:\/\/knihovna.litomysl.cz\/literarni-rezidence-straznika-kmonicka-v-litomysli\/\">Literarischen Residenz von Constable Kmon\u00ed\u010dek 2025<\/a> ausgezeichnet wurde. Die Veranstaltung findet in der Schlossbrauerei statt. Eintritt: 50,- CZK Das Projekt Literarische Residenz von Constable Kmon\u00ed\u010dek wird von der St\u00e4dtischen Galerie Litomy\u0161l, der Stadtbibliothek Litomy\u0161l und der Stadt Litomy\u0161l vorbereitet.<\/p>\n","protected":false},"excerpt":{"rendered":"<p>Autorenlesung der Schriftstellerin Radka Denemarkov\u00e1, die mit der Literarischen Residenz von Constable Kmon\u00ed\u010dek 2025 ausgezeichnet wurde.<\/p>\n","protected":false},"author":8,"featured_media":0,"comment_status":"closed","ping_status":"closed","template":"","meta":{"inline_featured_image":false,"_tribe_events_status":"","_tribe_events_status_reason":"","footnotes":""},"tags":[],"tribe_events_cat":[91],"acf":[],"yoast_head":"<!-- This site is optimized with the Yoast SEO plugin v21.4 - https:\/\/yoast.com\/wordpress\/plugins\/seo\/ -->\n<title>Treffen mit der Schriftstellerin Radka Denemarkov\u00e1 - M\u011bstsk\u00e1 galerie Litomy\u0161l<\/title>\n<meta name=\"description\" content=\"Autorenlesung der Schriftstellerin Radka Denemarkov\u00e1, die mit der Literarischen Residenz von Constable Kmon\u00ed\u010dek 2025 ausgezeichnet wurde.\" \/>\n<meta name=\"robots\" content=\"index, follow, max-snippet:-1, max-image-preview:large, max-video-preview:-1\" \/>\n<link rel=\"canonical\" href=\"https:\/\/www.galerie.litomysl.cz\/de\/event\/treffen-mit-der-schriftstellerin-radka-denemarkova\/\" \/>\n<meta property=\"og:locale\" content=\"de_DE\" \/>\n<meta property=\"og:type\" content=\"article\" \/>\n<meta property=\"og:title\" content=\"Treffen mit der Schriftstellerin Radka Denemarkov\u00e1 - M\u011bstsk\u00e1 galerie Litomy\u0161l\" \/>\n<meta property=\"og:description\" content=\"Autorenlesung der Schriftstellerin Radka Denemarkov\u00e1, die mit der Literarischen Residenz von Constable Kmon\u00ed\u010dek 2025 ausgezeichnet wurde.\" \/>\n<meta property=\"og:url\" content=\"https:\/\/www.galerie.litomysl.cz\/de\/event\/treffen-mit-der-schriftstellerin-radka-denemarkova\/\" \/>\n<meta property=\"og:site_name\" content=\"M\u011bstsk\u00e1 galerie Litomy\u0161l\" \/>\n<meta name=\"twitter:card\" content=\"summary_large_image\" \/>\n<script type=\"application\/ld+json\" class=\"yoast-schema-graph\">{\"@context\":\"https:\/\/schema.org\",\"@graph\":[{\"@type\":\"WebPage\",\"@id\":\"https:\/\/www.galerie.litomysl.cz\/de\/event\/treffen-mit-der-schriftstellerin-radka-denemarkova\/\",\"url\":\"https:\/\/www.galerie.litomysl.cz\/de\/event\/treffen-mit-der-schriftstellerin-radka-denemarkova\/\",\"name\":\"Treffen mit der Schriftstellerin Radka Denemarkov\u00e1 - M\u011bstsk\u00e1 galerie Litomy\u0161l\",\"isPartOf\":{\"@id\":\"https:\/\/www.galerie.litomysl.cz\/#website\"},\"datePublished\":\"2025-01-11T23:04:40+00:00\",\"dateModified\":\"2025-01-11T23:04:40+00:00\",\"description\":\"Autorenlesung der Schriftstellerin Radka Denemarkov\u00e1, die mit der Literarischen Residenz von Constable Kmon\u00ed\u010dek 2025 ausgezeichnet wurde.\",\"breadcrumb\":{\"@id\":\"https:\/\/www.galerie.litomysl.cz\/de\/event\/treffen-mit-der-schriftstellerin-radka-denemarkova\/#breadcrumb\"},\"inLanguage\":\"de\",\"potentialAction\":[{\"@type\":\"ReadAction\",\"target\":[\"https:\/\/www.galerie.litomysl.cz\/de\/event\/treffen-mit-der-schriftstellerin-radka-denemarkova\/\"]}]},{\"@type\":\"BreadcrumbList\",\"@id\":\"https:\/\/www.galerie.litomysl.cz\/de\/event\/treffen-mit-der-schriftstellerin-radka-denemarkova\/#breadcrumb\",\"itemListElement\":[{\"@type\":\"ListItem\",\"position\":1,\"name\":\"Dom\u016f\",\"item\":\"https:\/\/www.galerie.litomysl.cz\/de\/\"},{\"@type\":\"ListItem\",\"position\":2,\"name\":\"Akce\",\"item\":\"https:\/\/www.galerie.litomysl.cz\/events\/\"},{\"@type\":\"ListItem\",\"position\":3,\"name\":\"Treffen mit der Schriftstellerin Radka Denemarkov\u00e1\"}]},{\"@type\":\"WebSite\",\"@id\":\"https:\/\/www.galerie.litomysl.cz\/#website\",\"url\":\"https:\/\/www.galerie.litomysl.cz\/\",\"name\":\"M\u011bstsk\u00e1 galerie Litomy\u0161l\",\"description\":\"\",\"publisher\":{\"@id\":\"https:\/\/www.galerie.litomysl.cz\/#organization\"},\"potentialAction\":[{\"@type\":\"SearchAction\",\"target\":{\"@type\":\"EntryPoint\",\"urlTemplate\":\"https:\/\/www.galerie.litomysl.cz\/?s={search_term_string}\"},\"query-input\":\"required name=search_term_string\"}],\"inLanguage\":\"de\"},{\"@type\":\"Organization\",\"@id\":\"https:\/\/www.galerie.litomysl.cz\/#organization\",\"name\":\"M\u011bstsk\u00e1 galerie Litomy\u0161l\",\"url\":\"https:\/\/www.galerie.litomysl.cz\/\",\"logo\":{\"@type\":\"ImageObject\",\"inLanguage\":\"de\",\"@id\":\"https:\/\/www.galerie.litomysl.cz\/#\/schema\/logo\/image\/\",\"url\":\"https:\/\/www.galerie.litomysl.cz\/wp-content\/uploads\/MGL-logo-c..svg\",\"contentUrl\":\"https:\/\/www.galerie.litomysl.cz\/wp-content\/uploads\/MGL-logo-c..svg\",\"width\":212,\"height\":136,\"caption\":\"M\u011bstsk\u00e1 galerie Litomy\u0161l\"},\"image\":{\"@id\":\"https:\/\/www.galerie.litomysl.cz\/#\/schema\/logo\/image\/\"}}]}<\/script>\n<!-- \/ Yoast SEO plugin. -->","yoast_head_json":{"title":"Treffen mit der Schriftstellerin Radka Denemarkov\u00e1 - M\u011bstsk\u00e1 galerie Litomy\u0161l","description":"Autorenlesung der Schriftstellerin Radka Denemarkov\u00e1, die mit der Literarischen Residenz von Constable Kmon\u00ed\u010dek 2025 ausgezeichnet wurde.","robots":{"index":"index","follow":"follow","max-snippet":"max-snippet:-1","max-image-preview":"max-image-preview:large","max-video-preview":"max-video-preview:-1"},"canonical":"https:\/\/www.galerie.litomysl.cz\/de\/event\/treffen-mit-der-schriftstellerin-radka-denemarkova\/","og_locale":"de_DE","og_type":"article","og_title":"Treffen mit der Schriftstellerin Radka Denemarkov\u00e1 - M\u011bstsk\u00e1 galerie Litomy\u0161l","og_description":"Autorenlesung der Schriftstellerin Radka Denemarkov\u00e1, die mit der Literarischen Residenz von Constable Kmon\u00ed\u010dek 2025 ausgezeichnet wurde.","og_url":"https:\/\/www.galerie.litomysl.cz\/de\/event\/treffen-mit-der-schriftstellerin-radka-denemarkova\/","og_site_name":"M\u011bstsk\u00e1 galerie Litomy\u0161l","twitter_card":"summary_large_image","schema":{"@context":"https:\/\/schema.org","@graph":[{"@type":"WebPage","@id":"https:\/\/www.galerie.litomysl.cz\/de\/event\/treffen-mit-der-schriftstellerin-radka-denemarkova\/","url":"https:\/\/www.galerie.litomysl.cz\/de\/event\/treffen-mit-der-schriftstellerin-radka-denemarkova\/","name":"Treffen mit der Schriftstellerin Radka Denemarkov\u00e1 - M\u011bstsk\u00e1 galerie Litomy\u0161l","isPartOf":{"@id":"https:\/\/www.galerie.litomysl.cz\/#website"},"datePublished":"2025-01-11T23:04:40+00:00","dateModified":"2025-01-11T23:04:40+00:00","description":"Autorenlesung der Schriftstellerin Radka Denemarkov\u00e1, die mit der Literarischen Residenz von Constable Kmon\u00ed\u010dek 2025 ausgezeichnet wurde.","breadcrumb":{"@id":"https:\/\/www.galerie.litomysl.cz\/de\/event\/treffen-mit-der-schriftstellerin-radka-denemarkova\/#breadcrumb"},"inLanguage":"de","potentialAction":[{"@type":"ReadAction","target":["https:\/\/www.galerie.litomysl.cz\/de\/event\/treffen-mit-der-schriftstellerin-radka-denemarkova\/"]}]},{"@type":"BreadcrumbList","@id":"https:\/\/www.galerie.litomysl.cz\/de\/event\/treffen-mit-der-schriftstellerin-radka-denemarkova\/#breadcrumb","itemListElement":[{"@type":"ListItem","position":1,"name":"Dom\u016f","item":"https:\/\/www.galerie.litomysl.cz\/de\/"},{"@type":"ListItem","position":2,"name":"Akce","item":"https:\/\/www.galerie.litomysl.cz\/events\/"},{"@type":"ListItem","position":3,"name":"Treffen mit der Schriftstellerin Radka Denemarkov\u00e1"}]},{"@type":"WebSite","@id":"https:\/\/www.galerie.litomysl.cz\/#website","url":"https:\/\/www.galerie.litomysl.cz\/","name":"M\u011bstsk\u00e1 galerie Litomy\u0161l","description":"","publisher":{"@id":"https:\/\/www.galerie.litomysl.cz\/#organization"},"potentialAction":[{"@type":"SearchAction","target":{"@type":"EntryPoint","urlTemplate":"https:\/\/www.galerie.litomysl.cz\/?s={search_term_string}"},"query-input":"required name=search_term_string"}],"inLanguage":"de"},{"@type":"Organization","@id":"https:\/\/www.galerie.litomysl.cz\/#organization","name":"M\u011bstsk\u00e1 galerie Litomy\u0161l","url":"https:\/\/www.galerie.litomysl.cz\/","logo":{"@type":"ImageObject","inLanguage":"de","@id":"https:\/\/www.galerie.litomysl.cz\/#\/schema\/logo\/image\/","url":"https:\/\/www.galerie.litomysl.cz\/wp-content\/uploads\/MGL-logo-c..svg","contentUrl":"https:\/\/www.galerie.litomysl.cz\/wp-content\/uploads\/MGL-logo-c..svg","width":212,"height":136,"caption":"M\u011bstsk\u00e1 galerie Litomy\u0161l"},"image":{"@id":"https:\/\/www.galerie.litomysl.cz\/#\/schema\/logo\/image\/"}}]}},"_links":{"self":[{"href":"https:\/\/www.galerie.litomysl.cz\/de\/wp-json\/wp\/v2\/tribe_events\/13275"}],"collection":[{"href":"https:\/\/www.galerie.litomysl.cz\/de\/wp-json\/wp\/v2\/tribe_events"}],"about":[{"href":"https:\/\/www.galerie.litomysl.cz\/de\/wp-json\/wp\/v2\/types\/tribe_events"}],"author":[{"embeddable":true,"href":"https:\/\/www.galerie.litomysl.cz\/de\/wp-json\/wp\/v2\/users\/8"}],"replies":[{"embeddable":true,"href":"https:\/\/www.galerie.litomysl.cz\/de\/wp-json\/wp\/v2\/comments?post=13275"}],"version-history":[{"count":0,"href":"https:\/\/www.galerie.litomysl.cz\/de\/wp-json\/wp\/v2\/tribe_events\/13275\/revisions"}],"wp:attachment":[{"href":"https:\/\/www.galerie.litomysl.cz\/de\/wp-json\/wp\/v2\/media?parent=13275"}],"wp:term":[{"taxonomy":"post_tag","embeddable":true,"href":"https:\/\/www.galerie.litomysl.cz\/de\/wp-json\/wp\/v2\/tags?post=13275"},{"taxonomy":"tribe_events_cat","embeddable":true,"href":"https:\/\/www.galerie.litomysl.cz\/de\/wp-json\/wp\/v2\/tribe_events_cat?post=13275"}],"curies":[{"name":"wp","href":"https:\/\/api.w.org\/{rel}","templated":true}]}}

Treffen mit der Schriftstellerin Radka Denemarková

<p>Autorenlesung der Schriftstellerin Radka Denemarková, die mit der <a href="https://knihovna.litomysl.cz/literarni-rezidence-straznika-kmonicka-v-litomysli/">Literarischen Residenz von Constable Kmoníček 2025</a> ausgezeichnet wurde. Die Veranstaltung findet in der Schlossbrauerei statt. Eintritt: 50,- CZK Das Projekt Literarische Residenz von Constable Kmoníček wird von der Städtischen Galerie Litomyšl, der Stadtbibliothek Litomyšl und der Stadt Litomyšl vorbereitet.</p>

<p>Autorenlesung der Schriftstellerin Radka Denemarková, die mit der Literarischen Residenz von Constable Kmoníček 2025 ausgezeichnet wurde.</p>

<!-- This site is optimized with the Yoast SEO plugin v21.4 - https://yoast.com/wordpress/plugins/seo/ -->
<title>Treffen mit der Schriftstellerin Radka Denemarková - Městská galerie Litomyšl</title>
<meta name="description" content="Autorenlesung der Schriftstellerin Radka Denemarková, die mit der Literarischen Residenz von Constable Kmoníček 2025 ausgezeichnet wurde." />
<meta name="robots" content="index, follow, max-snippet:-1, max-image-preview:large, max-video-preview:-1" />
<link rel="canonical" href="https://www.galerie.litomysl.cz/de/event/treffen-mit-der-schriftstellerin-radka-denemarkova/" />
<meta property="og:locale" content="de_DE" />
<meta property="og:type" content="article" />
<meta property="og:title" content="Treffen mit der Schriftstellerin Radka Denemarková - Městská galerie Litomyšl" />
<meta property="og:description" content="Autorenlesung der Schriftstellerin Radka Denemarková, die mit der Literarischen Residenz von Constable Kmoníček 2025 ausgezeichnet wurde." />
<meta property="og:url" content="https://www.galerie.litomysl.cz/de/event/treffen-mit-der-schriftstellerin-radka-denemarkova/" />
<meta property="og:site_name" content="Městská galerie Litomyšl" />
<meta name="twitter:card" content="summary_large_image" />
<script type="application/ld+json" class="yoast-schema-graph">{"@context":"https://schema.org","@graph":[{"@type":"WebPage","@id":"https://www.galerie.litomysl.cz/de/event/treffen-mit-der-schriftstellerin-radka-denemarkova/","url":"https://www.galerie.litomysl.cz/de/event/treffen-mit-der-schriftstellerin-radka-denemarkova/","name":"Treffen mit der Schriftstellerin Radka Denemarková - Městská galerie Litomyšl","isPartOf":{"@id":"https://www.galerie.litomysl.cz/#website"},"datePublished":"2025-01-11T23:04:40+00:00","dateModified":"2025-01-11T23:04:40+00:00","description":"Autorenlesung der Schriftstellerin Radka Denemarková, die mit der Literarischen Residenz von Constable Kmoníček 2025 ausgezeichnet wurde.","breadcrumb":{"@id":"https://www.galerie.litomysl.cz/de/event/treffen-mit-der-schriftstellerin-radka-denemarkova/#breadcrumb"},"inLanguage":"de","potentialAction":[{"@type":"ReadAction","target":["https://www.galerie.litomysl.cz/de/event/treffen-mit-der-schriftstellerin-radka-denemarkova/"]}]},{"@type":"BreadcrumbList","@id":"https://www.galerie.litomysl.cz/de/event/treffen-mit-der-schriftstellerin-radka-denemarkova/#breadcrumb","itemListElement":[{"@type":"ListItem","position":1,"name":"Domů","item":"https://www.galerie.litomysl.cz/de/"},{"@type":"ListItem","position":2,"name":"Akce","item":"https://www.galerie.litomysl.cz/events/"},{"@type":"ListItem","position":3,"name":"Treffen mit der Schriftstellerin Radka Denemarková"}]},{"@type":"WebSite","@id":"https://www.galerie.litomysl.cz/#website","url":"https://www.galerie.litomysl.cz/","name":"Městská galerie Litomyšl","description":"","publisher":{"@id":"https://www.galerie.litomysl.cz/#organization"},"potentialAction":[{"@type":"SearchAction","target":{"@type":"EntryPoint","urlTemplate":"https://www.galerie.litomysl.cz/?s={search_term_string}"},"query-input":"required name=search_term_string"}],"inLanguage":"de"},{"@type":"Organization","@id":"https://www.galerie.litomysl.cz/#organization","name":"Městská galerie Litomyšl","url":"https://www.galerie.litomysl.cz/","logo":{"@type":"ImageObject","inLanguage":"de","@id":"https://www.galerie.litomysl.cz/#/schema/logo/image/","url":"https://www.galerie.litomysl.cz/wp-content/uploads/MGL-logo-c..svg","contentUrl":"https://www.galerie.litomysl.cz/wp-content/uploads/MGL-logo-c..svg","width":212,"height":136,"caption":"Městská galerie Litomyšl"},"image":{"@id":"https://www.galerie.litomysl.cz/#/schema/logo/image/"}}]}</script>
<!-- / Yoast SEO plugin. -->

Treffen mit der Schriftstellerin Radka Denemarková - Městská galerie Litomyšl

Autorenlesung der Schriftstellerin Radka Denemarková, die mit der Literarischen Residenz von Constable Kmoníček 2025 ausgezeichnet wurde.

Městská galerie Litomyšl

Domů
